CRAN Package Check Results for Package cghRA

Last updated on 2019-02-21 16:51:16 CET.

Flavor Version Tinstall Tcheck Ttotal Status Flags
r-devel-linux-x86_64-debian-clang 1.6.0 8.08 62.74 70.82 OK
r-devel-linux-x86_64-debian-gcc 1.6.0 7.14 49.22 56.36 OK
r-devel-linux-x86_64-fedora-clang 1.6.0 90.08 OK
r-devel-linux-x86_64-fedora-gcc 1.6.0 84.50 OK
r-devel-windows-ix86+x86_64 1.6.0 23.00 83.00 106.00 OK
r-patched-linux-x86_64 1.6.0 8.75 60.96 69.71 OK
r-patched-solaris-x86 1.6.0 112.30 OK
r-release-linux-x86_64 1.6.0 OK
r-release-windows-ix86+x86_64 1.6.0 16.00 88.00 104.00 OK
r-release-osx-x86_64 1.6.0 NOTE
r-oldrel-windows-ix86+x86_64 1.6.0 10.00 82.00 92.00 OK
r-oldrel-osx-x86_64 1.6.0 NOTE

Check Details

Version: 1.6.0
Check: package dependencies
Result: NOTE
    Package suggested but not available for checking: ‘GLAD’
Flavors: r-release-osx-x86_64, r-oldrel-osx-x86_64