CRAN Package Check Results for Package cghRA

Last updated on 2019-04-24 14:47:19 CEST.

Flavor Version Tinstall Tcheck Ttotal Status Flags
r-devel-linux-x86_64-debian-clang 1.6.0 8.07 62.61 70.68 OK
r-devel-linux-x86_64-debian-gcc 1.6.0 8.69 49.30 57.99 OK
r-devel-linux-x86_64-fedora-clang 1.6.0 86.06 OK
r-devel-linux-x86_64-fedora-gcc 1.6.0 83.74 OK
r-devel-windows-ix86+x86_64 1.6.0 27.00 85.00 112.00 OK
r-patched-linux-x86_64 1.6.0 8.52 62.60 71.12 OK
r-patched-solaris-x86 1.6.0 112.90 OK
r-release-linux-x86_64 1.6.0 9.47 61.62 71.09 OK
r-release-windows-ix86+x86_64 1.6.0 16.00 88.00 104.00 OK
r-release-osx-x86_64 1.6.0 NOTE
r-oldrel-windows-ix86+x86_64 1.6.0 10.00 82.00 92.00 OK
r-oldrel-osx-x86_64 1.6.0 NOTE

Check Details

Version: 1.6.0
Check: package dependencies
Result: NOTE
    Package suggested but not available for checking: ‘GLAD’
Flavors: r-release-osx-x86_64, r-oldrel-osx-x86_64