CRAN Package Check Results for Package cghRA

Last updated on 2019-08-19 21:46:48 CEST.

Flavor Version Tinstall Tcheck Ttotal Status Flags
r-devel-linux-x86_64-debian-clang 1.6.0 9.20 61.70 70.90 OK
r-devel-linux-x86_64-debian-gcc 1.6.0 7.78 49.92 57.70 OK
r-devel-linux-x86_64-fedora-clang 1.6.0 90.46 OK
r-devel-linux-x86_64-fedora-gcc 1.6.0 87.14 OK
r-devel-windows-ix86+x86_64 1.6.0 26.00 113.00 139.00 OK
r-patched-linux-x86_64 1.6.0 10.62 61.51 72.13 OK
r-patched-solaris-x86 1.6.0 120.30 OK
r-release-linux-x86_64 1.6.0 9.43 62.49 71.92 OK
r-release-windows-ix86+x86_64 1.6.0 19.00 121.00 140.00 OK
r-release-osx-x86_64 1.6.0 ERROR
r-oldrel-windows-ix86+x86_64 1.6.0 16.00 88.00 104.00 OK
r-oldrel-osx-x86_64 1.6.0 NOTE

Check Details

Version: 1.6.0
Check: package dependencies
Result: ERROR
    Package required but not available: ‘DNAcopy’
    
    Package suggested but not available for checking: ‘GLAD’
    
    See section ‘The DESCRIPTION file’ in the ‘Writing R Extensions’
    manual.
Flavor: r-release-osx-x86_64

Version: 1.6.0
Check: package dependencies
Result: NOTE
    Package suggested but not available for checking: ‘GLAD’
Flavor: r-oldrel-osx-x86_64