CRAN Package Check Results for Package cgAUC

Last updated on 2020-04-04 15:48:13 CEST.

Flavor Version Tinstall Tcheck Ttotal Status Flags
r-devel-linux-x86_64-debian-clang 1.2.1 19.19 23.76 42.95 NOTE
r-devel-linux-x86_64-debian-gcc 1.2.1 10.71 19.16 29.87 NOTE
r-devel-linux-x86_64-fedora-clang 1.2.1 58.21 NOTE
r-devel-linux-x86_64-fedora-gcc 1.2.1 52.88 NOTE
r-devel-windows-ix86+x86_64 1.2.1 32.00 52.00 84.00 NOTE
r-devel-windows-ix86+x86_64-gcc8 1.2.1 39.00 59.00 98.00 NOTE
r-patched-linux-x86_64 1.2.1 14.41 23.43 37.84 NOTE
r-patched-solaris-x86 1.2.1 68.20 NOTE
r-release-linux-x86_64 1.2.1 13.71 22.17 35.88 NOTE
r-release-windows-ix86+x86_64 1.2.1 37.00 72.00 109.00 NOTE
r-release-osx-x86_64 1.2.1 NOTE
r-oldrel-windows-ix86+x86_64 1.2.1 42.00 53.00 95.00 NOTE
r-oldrel-osx-x86_64 1.2.1 NOTE

Check Details

Version: 1.2.1
Check: DESCRIPTION meta-information
Result: NOTE
    Malformed Title field: should not end in a period.
Flavors: r-devel-linux-x86_64-debian-clang, r-devel-linux-x86_64-debian-gcc, r-devel-linux-x86_64-fedora-clang, r-devel-linux-x86_64-fedora-gcc, r-devel-windows-ix86+x86_64, r-devel-windows-ix86+x86_64-gcc8, r-patched-linux-x86_64, r-patched-solaris-x86, r-release-linux-x86_64, r-release-windows-ix86+x86_64, r-release-osx-x86_64, r-oldrel-windows-ix86+x86_64, r-oldrel-osx-x86_64

Version: 1.2.1
Check: compiled code
Result: NOTE
    File ‘cgAUC/libs/cgAUC.so’:
     Found no calls to: ‘R_registerRoutines’, ‘R_useDynamicSymbols’
    
    It is good practice to register native routines and to disable symbol
    search.
    
    See ‘Writing portable packages’ in the ‘Writing R Extensions’ manual.
Flavors: r-devel-linux-x86_64-fedora-clang, r-devel-linux-x86_64-fedora-gcc