CRAN Package Check Results for Package cgAUC

Last updated on 2019-04-24 14:47:19 CEST.

Flavor Version Tinstall Tcheck Ttotal Status Flags
r-devel-linux-x86_64-debian-clang 1.2.1 14.58 22.32 36.90 NOTE
r-devel-linux-x86_64-debian-gcc 1.2.1 10.85 18.33 29.18 NOTE
r-devel-linux-x86_64-fedora-clang 1.2.1 52.13 NOTE
r-devel-linux-x86_64-fedora-gcc 1.2.1 46.44 NOTE
r-devel-windows-ix86+x86_64 1.2.1 47.00 53.00 100.00 NOTE
r-patched-linux-x86_64 1.2.1 13.97 22.34 36.31 NOTE
r-patched-solaris-x86 1.2.1 63.30 NOTE
r-release-linux-x86_64 1.2.1 13.37 21.45 34.82 NOTE
r-release-windows-ix86+x86_64 1.2.1 28.00 62.00 90.00 NOTE
r-release-osx-x86_64 1.2.1 NOTE
r-oldrel-windows-ix86+x86_64 1.2.1 41.00 57.00 98.00 NOTE
r-oldrel-osx-x86_64 1.2.1 NOTE

Check Details

Version: 1.2.1
Check: DESCRIPTION meta-information
Result: NOTE
    Malformed Title field: should not end in a period.
Flavors: r-devel-linux-x86_64-debian-clang, r-devel-linux-x86_64-debian-gcc, r-devel-linux-x86_64-fedora-clang, r-devel-linux-x86_64-fedora-gcc, r-devel-windows-ix86+x86_64, r-patched-linux-x86_64, r-patched-solaris-x86, r-release-linux-x86_64, r-release-windows-ix86+x86_64, r-release-osx-x86_64, r-oldrel-windows-ix86+x86_64, r-oldrel-osx-x86_64

Version: 1.2.1
Check: compiled code
Result: NOTE
    File ‘cgAUC/libs/cgAUC.so’:
     Found no calls to: ‘R_registerRoutines’, ‘R_useDynamicSymbols’
    
    It is good practice to register native routines and to disable symbol
    search.
    
    See ‘Writing portable packages’ in the ‘Writing R Extensions’ manual.
Flavors: r-devel-linux-x86_64-fedora-clang, r-devel-linux-x86_64-fedora-gcc