CRAN Package Check Results for Package cgAUC

Last updated on 2019-07-21 07:49:06 CEST.

Flavor Version Tinstall Tcheck Ttotal Status Flags
r-devel-linux-x86_64-debian-clang 1.2.1 18.33 22.27 40.60 NOTE
r-devel-linux-x86_64-debian-gcc 1.2.1 12.22 18.78 31.00 NOTE
r-devel-linux-x86_64-fedora-clang 1.2.1 51.71 NOTE
r-devel-linux-x86_64-fedora-gcc 1.2.1 50.73 NOTE
r-devel-windows-ix86+x86_64 1.2.1 31.00 66.00 97.00 NOTE
r-patched-linux-x86_64 1.2.1 16.77 22.34 39.11 NOTE
r-patched-solaris-x86 1.2.1 66.90 NOTE
r-release-linux-x86_64 1.2.1 16.42 22.31 38.73 NOTE
r-release-windows-ix86+x86_64 1.2.1 31.00 50.00 81.00 NOTE
r-release-osx-x86_64 1.2.1 NOTE
r-oldrel-windows-ix86+x86_64 1.2.1 39.00 47.00 86.00 NOTE
r-oldrel-osx-x86_64 1.2.1 NOTE

Check Details

Version: 1.2.1
Check: DESCRIPTION meta-information
Result: NOTE
    Malformed Title field: should not end in a period.
Flavors: r-devel-linux-x86_64-debian-clang, r-devel-linux-x86_64-debian-gcc, r-devel-linux-x86_64-fedora-clang, r-devel-linux-x86_64-fedora-gcc, r-devel-windows-ix86+x86_64, r-patched-linux-x86_64, r-patched-solaris-x86, r-release-linux-x86_64, r-release-windows-ix86+x86_64, r-release-osx-x86_64, r-oldrel-windows-ix86+x86_64, r-oldrel-osx-x86_64

Version: 1.2.1
Check: compiled code
Result: NOTE
    File ‘cgAUC/libs/cgAUC.so’:
     Found no calls to: ‘R_registerRoutines’, ‘R_useDynamicSymbols’
    
    It is good practice to register native routines and to disable symbol
    search.
    
    See ‘Writing portable packages’ in the ‘Writing R Extensions’ manual.
Flavors: r-devel-linux-x86_64-fedora-clang, r-devel-linux-x86_64-fedora-gcc