CRAN Package Check Results for Package cg

Last updated on 2022-08-19 01:49:58 CEST.

Flavor Version Tinstall Tcheck Ttotal Status Flags
r-devel-linux-x86_64-debian-clang 1.0-3 45.29 257.79 303.08 OK
r-devel-linux-x86_64-debian-gcc 1.0-3 34.73 188.04 222.77 OK
r-devel-linux-x86_64-fedora-clang 1.0-3 362.90 NOTE
r-devel-linux-x86_64-fedora-gcc 1.0-3 358.20 NOTE
r-devel-windows-x86_64 1.0-3 101.00 317.00 418.00 OK
r-patched-linux-x86_64 1.0-3 37.21 236.32 273.53 OK
r-release-linux-x86_64 1.0-3 OK
r-release-macos-arm64 1.0-3 96.00 NOTE
r-release-macos-x86_64 1.0-3 153.00 NOTE
r-release-windows-x86_64 1.0-3 86.00 317.00 403.00 OK
r-oldrel-macos-arm64 1.0-3 105.00 NOTE
r-oldrel-macos-x86_64 1.0-3 193.00 NOTE
r-oldrel-windows-ix86+x86_64 1.0-3 75.00 299.00 374.00 OK

Check Details

Version: 1.0-3
Check: dependencies in R code
Result: NOTE
    Namespace in Imports field not imported from: ‘grDevices’
     All declared Imports should be used.
Flavors: r-devel-linux-x86_64-fedora-clang, r-devel-linux-x86_64-fedora-gcc, r-release-macos-arm64, r-release-macos-x86_64, r-oldrel-macos-arm64, r-oldrel-macos-x86_64