CRAN Package Check Results for Package cfa

Last updated on 2023-12-11 21:00:19 CET.

Flavor Version Tinstall Tcheck Ttotal Status Flags
r-devel-linux-x86_64-debian-clang 0.10-0 3.78 32.27 36.05 NOTE
r-devel-linux-x86_64-debian-gcc 0.10-0 2.96 25.27 28.23 NOTE
r-devel-linux-x86_64-fedora-clang 0.10-0 44.23 NOTE
r-devel-linux-x86_64-fedora-gcc 0.10-0 42.20 NOTE
r-devel-windows-x86_64 0.10-0 5.00 47.00 52.00 NOTE
r-patched-linux-x86_64 0.10-0 3.93 31.47 35.40 NOTE
r-release-linux-x86_64 0.10-0 3.62 32.79 36.41 NOTE
r-release-macos-arm64 0.10-0 17.00 NOTE
r-release-macos-x86_64 0.10-0 24.00 NOTE
r-release-windows-x86_64 0.10-0 3.00 49.00 52.00 NOTE
r-oldrel-macos-arm64 0.10-0 16.00 NOTE
r-oldrel-macos-x86_64 0.10-0 23.00 NOTE
r-oldrel-windows-x86_64 0.10-0 7.00 51.00 58.00 NOTE

Check Details

Version: 0.10-0
Check: LazyData
Result: NOTE 'LazyData' is specified without a 'data' directory Flavors: r-devel-linux-x86_64-debian-clang, r-devel-linux-x86_64-debian-gcc, r-devel-linux-x86_64-fedora-clang, r-devel-linux-x86_64-fedora-gcc, r-devel-windows-x86_64, r-patched-linux-x86_64, r-release-linux-x86_64, r-release-macos-arm64, r-release-macos-x86_64, r-release-windows-x86_64, r-oldrel-macos-arm64, r-oldrel-macos-x86_64, r-oldrel-windows-x86_64