Last updated on 2022-05-28 18:51:10 CEST.
Flavor | Version | Tinstall | Tcheck | Ttotal | Status | Flags |
---|---|---|---|---|---|---|
r-devel-linux-x86_64-debian-clang | 0.4.2 | 6.81 | 78.71 | 85.52 | NOTE | |
r-devel-linux-x86_64-debian-gcc | 0.4.2 | 5.09 | 60.06 | 65.15 | NOTE | |
r-devel-linux-x86_64-fedora-clang | 0.4.2 | 106.58 | NOTE | |||
r-devel-linux-x86_64-fedora-gcc | 0.4.2 | 99.67 | NOTE | |||
r-devel-windows-x86_64 | 0.4.2 | 61.00 | 127.00 | 188.00 | NOTE | |
r-patched-linux-x86_64 | 0.4.2 | 7.29 | 69.58 | 76.87 | NOTE | |
r-release-linux-x86_64 | 0.4.2 | 5.06 | 58.91 | 63.97 | NOTE | |
r-release-macos-arm64 | 0.4.2 | 31.00 | NOTE | |||
r-release-macos-x86_64 | 0.4.2 | 66.00 | NOTE | |||
r-release-windows-x86_64 | 0.4.2 | 49.00 | 130.00 | 179.00 | NOTE | |
r-oldrel-macos-arm64 | 0.4.2 | 39.00 | NOTE | |||
r-oldrel-macos-x86_64 | 0.4.2 | 55.00 | NOTE | |||
r-oldrel-windows-ix86+x86_64 | 0.4.2 | 23.00 | 85.00 | 108.00 | NOTE |
Version: 0.4.2
Check: LazyData
Result: NOTE
'LazyData' is specified without a 'data' directory
Flavors: r-devel-linux-x86_64-debian-clang, r-devel-linux-x86_64-debian-gcc, r-devel-linux-x86_64-fedora-clang, r-devel-linux-x86_64-fedora-gcc, r-devel-windows-x86_64, r-patched-linux-x86_64, r-release-linux-x86_64, r-release-macos-arm64, r-release-macos-x86_64, r-release-windows-x86_64, r-oldrel-macos-arm64, r-oldrel-macos-x86_64, r-oldrel-windows-ix86+x86_64
Version: 0.4.2
Check: dependencies in R code
Result: NOTE
Namespace in Imports field not imported from: ‘knitr’
All declared Imports should be used.
Flavors: r-devel-linux-x86_64-fedora-clang, r-devel-linux-x86_64-fedora-gcc, r-release-macos-arm64, r-release-macos-x86_64, r-oldrel-macos-arm64, r-oldrel-macos-x86_64