Last updated on 2023-12-11 05:51:46 CET.
Flavor | Version | Tinstall | Tcheck | Ttotal | Status | Flags |
---|---|---|---|---|---|---|
r-devel-linux-x86_64-debian-clang | 0.8.0 | 28.92 | 285.50 | 314.42 | NOTE | |
r-devel-linux-x86_64-debian-gcc | 0.8.0 | 26.48 | 209.34 | 235.82 | NOTE | |
r-devel-linux-x86_64-fedora-clang | 0.8.0 | 302.62 | OK | |||
r-devel-linux-x86_64-fedora-gcc | 0.8.0 | 396.26 | OK | |||
r-devel-windows-x86_64 | 0.8.0 | 25.00 | 183.00 | 208.00 | OK | |
r-patched-linux-x86_64 | 0.8.0 | 24.82 | 274.39 | 299.21 | OK | |
r-release-linux-x86_64 | 0.8.0 | 28.47 | 272.44 | 300.91 | OK | |
r-release-macos-arm64 | 0.8.0 | 94.00 | OK | |||
r-release-macos-x86_64 | 0.8.0 | 243.00 | NOTE | |||
r-release-windows-x86_64 | 0.8.0 | 31.00 | 235.00 | 266.00 | OK | |
r-oldrel-macos-arm64 | 0.8.0 | 88.00 | OK | |||
r-oldrel-macos-x86_64 | 0.8.0 | 116.00 | OK | |||
r-oldrel-windows-x86_64 | 0.8.0 | 36.00 | 234.00 | 270.00 | OK |
Version: 0.8.0
Check: Rd files
Result: NOTE
checkRd: (-1) cities.Rd:8: Lost braces; missing escapes or markup?
8 | Dataset from package {maps}.
| ^
Flavors: r-devel-linux-x86_64-debian-clang, r-devel-linux-x86_64-debian-gcc
Version: 0.8.0
Check: installed package size
Result: NOTE
installed size is 5.1Mb
sub-directories of 1Mb or more:
R 2.2Mb
help 2.2Mb
Flavor: r-release-macos-x86_64