CRAN Package Check Results for Package cepR

Last updated on 2019-08-19 20:46:11 CEST.

Flavor Version Tinstall Tcheck Ttotal Status Flags
r-devel-linux-x86_64-debian-clang 0.1.0 7.47 35.60 43.07 OK
r-devel-linux-x86_64-debian-gcc 0.1.0 7.70 30.37 38.07 OK
r-devel-linux-x86_64-fedora-clang 0.1.0 56.48 NOTE
r-devel-linux-x86_64-fedora-gcc 0.1.0 53.69 NOTE
r-devel-windows-ix86+x86_64 0.1.0 22.00 72.00 94.00 OK
r-patched-linux-x86_64 0.1.0 8.75 34.70 43.45 OK
r-patched-solaris-x86 0.1.0 87.30 NOTE
r-release-linux-x86_64 0.1.0 8.30 35.10 43.40 OK
r-release-windows-ix86+x86_64 0.1.0 18.00 50.00 68.00 OK
r-release-osx-x86_64 0.1.0 NOTE
r-oldrel-windows-ix86+x86_64 0.1.0 18.00 75.00 93.00 OK
r-oldrel-osx-x86_64 0.1.0 NOTE

Check Details

Version: 0.1.0
Check: data for non-ASCII characters
Result: NOTE
     Note: found 287 marked UTF-8 strings
Flavors: r-devel-linux-x86_64-fedora-clang, r-devel-linux-x86_64-fedora-gcc, r-patched-solaris-x86, r-release-osx-x86_64, r-oldrel-osx-x86_64