CRAN Package Check Results for Package cepR

Last updated on 2019-04-24 14:47:19 CEST.

Flavor Version Tinstall Tcheck Ttotal Status Flags
r-devel-linux-x86_64-debian-clang 0.1.0 9.17 35.33 44.50 OK
r-devel-linux-x86_64-debian-gcc 0.1.0 7.60 28.50 36.10 OK
r-devel-linux-x86_64-fedora-clang 0.1.0 56.03 NOTE
r-devel-linux-x86_64-fedora-gcc 0.1.0 53.26 NOTE
r-devel-windows-ix86+x86_64 0.1.0 20.00 50.00 70.00 OK
r-patched-linux-x86_64 0.1.0 9.53 34.43 43.96 OK
r-patched-solaris-x86 0.1.0 81.60 NOTE
r-release-linux-x86_64 0.1.0 6.68 33.32 40.00 OK
r-release-windows-ix86+x86_64 0.1.0 14.00 68.00 82.00 OK
r-release-osx-x86_64 0.1.0 NOTE
r-oldrel-windows-ix86+x86_64 0.1.0 18.00 56.00 74.00 OK
r-oldrel-osx-x86_64 0.1.0 NOTE

Check Details

Version: 0.1.0
Check: data for non-ASCII characters
Result: NOTE
     Note: found 287 marked UTF-8 strings
Flavors: r-devel-linux-x86_64-fedora-clang, r-devel-linux-x86_64-fedora-gcc, r-patched-solaris-x86, r-release-osx-x86_64, r-oldrel-osx-x86_64