CRAN Package Check Results for Package centralplot

Last updated on 2022-08-12 18:49:39 CEST.

Flavor Version Tinstall Tcheck Ttotal Status Flags
r-devel-linux-x86_64-debian-clang 0.1.0 5.13 51.14 56.27 NOTE
r-devel-linux-x86_64-debian-gcc 0.1.0 4.28 38.98 43.26 NOTE
r-devel-linux-x86_64-fedora-clang 0.1.0 77.20 NOTE
r-devel-linux-x86_64-fedora-gcc 0.1.0 75.31 NOTE
r-devel-windows-x86_64 0.1.0 11.00 77.00 88.00 NOTE
r-patched-linux-x86_64 0.1.0 4.64 49.15 53.79 NOTE
r-release-linux-x86_64 0.1.0 5.29 48.74 54.03 NOTE
r-release-macos-arm64 0.1.0 24.00 NOTE
r-release-macos-x86_64 0.1.0 45.00 NOTE
r-release-windows-x86_64 0.1.0 10.00 78.00 88.00 NOTE
r-oldrel-macos-arm64 0.1.0 27.00 NOTE
r-oldrel-macos-x86_64 0.1.0 42.00 NOTE
r-oldrel-windows-ix86+x86_64 0.1.0 14.00 69.00 83.00 NOTE

Check Details

Version: 0.1.0
Check: LazyData
Result: NOTE
     'LazyData' is specified without a 'data' directory
Flavors: r-devel-linux-x86_64-debian-clang, r-devel-linux-x86_64-debian-gcc, r-devel-linux-x86_64-fedora-clang, r-devel-linux-x86_64-fedora-gcc, r-devel-windows-x86_64, r-patched-linux-x86_64, r-release-linux-x86_64, r-release-macos-arm64, r-release-macos-x86_64, r-release-windows-x86_64, r-oldrel-macos-arm64, r-oldrel-macos-x86_64, r-oldrel-windows-ix86+x86_64