CRAN Package Check Results for Package censo2017

Last updated on 2021-03-09 03:53:35 CET.

Flavor Version Tinstall Tcheck Ttotal Status Flags
r-devel-linux-x86_64-debian-clang 0.4 2.81 29.40 32.21 OK
r-devel-linux-x86_64-debian-gcc 0.4 2.15 23.01 25.16 OK
r-devel-linux-x86_64-fedora-clang 0.4 47.70 OK
r-devel-linux-x86_64-fedora-gcc 0.4 38.05 OK
r-devel-windows-ix86+x86_64 0.4 7.00 34.00 41.00 OK
r-devel-windows-x86_64-gcc10-UCRT 0.4 OK
r-patched-linux-x86_64 0.4 2.89 28.39 31.28 OK
r-patched-solaris-x86 0.4 60.30 OK
r-release-linux-x86_64 0.4 2.56 28.45 31.01 OK
r-release-macos-x86_64 0.4 OK
r-release-windows-ix86+x86_64 0.4 6.00 44.00 50.00 OK
r-oldrel-macos-x86_64 0.4 ERROR
r-oldrel-windows-ix86+x86_64 0.2 4.00 43.00 47.00 OK

Check Details

Version: 0.4
Check: whether package can be installed
Result: ERROR
    Installation failed.
Flavor: r-oldrel-macos-x86_64