CRAN Package Check Results for Package cds

Last updated on 2019-02-20 02:48:52 CET.

Flavor Version Tinstall Tcheck Ttotal Status Flags
r-devel-linux-x86_64-debian-clang 1.0.3 7.25 74.29 81.54 OK
r-devel-linux-x86_64-debian-gcc 1.0.3 5.40 59.97 65.37 OK
r-devel-linux-x86_64-fedora-clang 1.0.3 101.90 OK
r-devel-linux-x86_64-fedora-gcc 1.0.3 94.80 OK
r-devel-windows-ix86+x86_64 1.0.3 16.00 111.00 127.00 OK
r-patched-linux-x86_64 1.0.3 OK
r-patched-solaris-x86 1.0.3 144.60 OK
r-release-linux-x86_64 1.0.3 6.74 72.45 79.19 OK
r-release-windows-ix86+x86_64 1.0.3 11.00 111.00 122.00 OK
r-release-osx-x86_64 1.0.3 OK
r-oldrel-windows-ix86+x86_64 1.0.3 14.00 92.00 106.00 OK
r-oldrel-osx-x86_64 1.0.3 ERROR

Check Details

Version: 1.0.3
Check: package dependencies
Result: ERROR
    Package required but not available: ‘copula’
    
    See section ‘The DESCRIPTION file’ in the ‘Writing R Extensions’
    manual.
Flavor: r-oldrel-osx-x86_64