Last updated on 2023-12-08 17:50:56 CET.
Flavor | Version | Tinstall | Tcheck | Ttotal | Status | Flags |
---|---|---|---|---|---|---|
r-devel-linux-x86_64-debian-clang | 0.3.9 | 145.72 | 21.74 | 167.46 | OK | |
r-devel-linux-x86_64-debian-gcc | 0.3.9 | 111.91 | 17.22 | 129.13 | OK | |
r-devel-linux-x86_64-fedora-clang | 0.3.9 | 222.87 | OK | |||
r-devel-linux-x86_64-fedora-gcc | 0.3.9 | 223.71 | OK | |||
r-devel-windows-x86_64 | 0.3.9 | 86.00 | 70.00 | 156.00 | OK | |
r-patched-linux-x86_64 | 0.3.9 | 144.77 | 21.76 | 166.53 | OK | |
r-release-linux-x86_64 | 0.3.9 | 146.38 | 21.83 | 168.21 | OK | |
r-release-macos-arm64 | 0.3.9 | 53.00 | NOTE | |||
r-release-macos-x86_64 | 0.3.9 | 106.00 | NOTE | |||
r-release-windows-x86_64 | 0.3.9 | 83.00 | 74.00 | 157.00 | OK | |
r-oldrel-macos-arm64 | 0.3.9 | 57.00 | NOTE | |||
r-oldrel-macos-x86_64 | 0.3.9 | 78.00 | NOTE | |||
r-oldrel-windows-x86_64 | 0.3.9 | 96.00 | 76.00 | 172.00 | OK |
Version: 0.3.9
Check: installed package size
Result: NOTE
installed size is 7.4Mb
sub-directories of 1Mb or more:
libs 7.3Mb
Flavors: r-release-macos-arm64, r-release-macos-x86_64, r-oldrel-macos-arm64, r-oldrel-macos-x86_64