CRAN Package Check Results for Package causaldrf

Last updated on 2018-09-25 05:48:19 CEST.

Flavor Version Tinstall Tcheck Ttotal Status Flags
r-devel-linux-x86_64-debian-clang 0.3 7.79 90.35 98.14 OK
r-devel-linux-x86_64-debian-gcc 0.3 6.99 72.24 79.23 OK
r-devel-linux-x86_64-fedora-clang 0.3 117.84 OK
r-devel-linux-x86_64-fedora-gcc 0.3 114.20 OK
r-devel-windows-ix86+x86_64 0.3 15.00 143.00 158.00 OK
r-patched-linux-x86_64 0.3 6.71 76.48 83.19 OK
r-patched-solaris-x86 0.3 147.70 OK
r-release-linux-x86_64 0.3 7.30 77.72 85.02 OK
r-release-windows-ix86+x86_64 0.3 17.00 125.00 142.00 OK
r-release-osx-x86_64 0.3 OK
r-oldrel-windows-ix86+x86_64 0.3 8.00 132.00 140.00 OK
r-oldrel-osx-x86_64 0.3 WARN

Check Details

Version: 0.3
Check: re-building of vignette outputs
Result: WARN
    Error in re-building vignettes:
     ...
    Warning: running command 'kpsewhich framed.sty' had status 1
    Warning in test_latex_pkg("framed", system.file("misc", "framed.sty", package = "knitr")) :
     unable to find LaTeX package 'framed'; will use a copy from knitr
    Error in texi2dvi(file = file, pdf = TRUE, clean = clean, quiet = quiet, :
     Running 'texi2dvi' on 'Using_causaldrf.tex' failed.
    LaTeX errors:
    ! LaTeX Error: File `fullpage.sty' not found.
    
    Type X to quit or <RETURN> to proceed,
    or enter new name. (Default extension: sty)
    
    ! Emergency stop.
    <read *>
    
    l.53 \usepackage
     {natbib}^^M
    ! ==> Fatal error occurred, no output PDF file produced!
    Calls: buildVignettes -> texi2pdf -> texi2dvi
    Execution halted
Flavor: r-oldrel-osx-x86_64