CRAN Package Check Results for Package causalMGM

Last updated on 2019-07-21 07:49:06 CEST.

Flavor Version Tinstall Tcheck Ttotal Status Flags
r-devel-linux-x86_64-debian-clang 0.1.1 2.90 27.46 30.36 NOTE
r-devel-linux-x86_64-debian-gcc 0.1.1 2.30 22.76 25.06 NOTE
r-devel-linux-x86_64-fedora-clang 0.1.1 36.49 NOTE
r-devel-linux-x86_64-fedora-gcc 0.1.1 38.75 NOTE
r-devel-windows-ix86+x86_64 0.1.1 7.00 38.00 45.00 OK
r-patched-linux-x86_64 0.1.1 2.98 27.93 30.91 OK
r-patched-solaris-x86 0.1.1 61.30 OK
r-release-linux-x86_64 0.1.1 3.03 27.74 30.77 OK
r-release-windows-ix86+x86_64 0.1.1 6.00 57.00 63.00 OK
r-release-osx-x86_64 0.1.1 OK
r-oldrel-windows-ix86+x86_64 0.1.1 5.00 39.00 44.00 OK
r-oldrel-osx-x86_64 0.1.1 OK

Check Details

Version: 0.1.1
Check: for non-standard things in the check directory
Result: NOTE
    Found the following files/directories:
     'tetradLite.jar'
Flavors: r-devel-linux-x86_64-debian-clang, r-devel-linux-x86_64-debian-gcc, r-devel-linux-x86_64-fedora-clang, r-devel-linux-x86_64-fedora-gcc