CRAN Package Check Results for Package causalDisco

Last updated on 2024-02-29 17:22:16 CET.

Flavor Version Tinstall Tcheck Ttotal Status Flags
r-devel-linux-x86_64-debian-clang 0.9.1 9.92 82.48 92.40 NOTE
r-devel-linux-x86_64-debian-gcc 0.9.1 8.11 62.55 70.66 NOTE
r-devel-linux-x86_64-fedora-clang 0.9.1 111.32 NOTE
r-devel-linux-x86_64-fedora-gcc 0.9.1 113.59 NOTE
r-devel-windows-x86_64 0.9.1 9.00 81.00 90.00 NOTE
r-patched-linux-x86_64 0.9.1 9.49 80.71 90.20 NOTE
r-release-linux-x86_64 0.9.1 7.09 79.06 86.15 NOTE
r-release-macos-arm64 0.9.1 37.00 NOTE
r-release-macos-x86_64 0.9.1 55.00 NOTE
r-release-windows-x86_64 0.9.1 13.00 95.00 108.00 NOTE
r-oldrel-macos-arm64 0.9.1 35.00 OK
r-oldrel-windows-x86_64 0.9.1 13.00 94.00 107.00 OK

Check Details

Version: 0.9.1
Check: Rd files
Result: NOTE checkRd: (-1) tpcExample.Rd:30: Escaped LaTeX specials: \& Flavors: r-devel-linux-x86_64-debian-clang, r-devel-linux-x86_64-debian-gcc, r-devel-linux-x86_64-fedora-clang, r-devel-linux-x86_64-fedora-gcc, r-devel-windows-x86_64, r-patched-linux-x86_64, r-release-linux-x86_64, r-release-macos-arm64, r-release-macos-x86_64, r-release-windows-x86_64

Version: 0.9.1
Check: Rd cross-references
Result: NOTE Undeclared package ‘graph’ in Rd xrefs Flavor: r-devel-linux-x86_64-fedora-clang