CRAN Package Check Results for Package causal.decomp

Last updated on 2021-10-19 20:51:34 CEST.

Flavor Version Tinstall Tcheck Ttotal Status Flags
r-devel-linux-x86_64-debian-clang 0.0.1 9.94 105.84 115.78 OK
r-devel-linux-x86_64-debian-gcc 0.0.1 8.04 77.31 85.35 OK
r-devel-linux-x86_64-fedora-clang 0.0.1 149.16 NOTE
r-devel-linux-x86_64-fedora-gcc 0.0.1 134.65 NOTE
r-devel-windows-x86_64 0.0.1 17.00 126.00 143.00 OK
r-devel-windows-x86_64-gcc10-UCRT 0.0.1 NOTE
r-patched-linux-x86_64 0.0.1 9.99 99.71 109.70 OK
r-patched-solaris-x86 0.0.1 187.10 NOTE
r-release-linux-x86_64 0.0.1 8.35 99.71 108.06 OK
r-release-macos-arm64 0.0.1 NOTE
r-release-macos-x86_64 0.0.1 NOTE
r-release-windows-ix86+x86_64 0.0.1 25.00 127.00 152.00 OK
r-oldrel-macos-x86_64 0.0.1 NOTE
r-oldrel-windows-ix86+x86_64 0.0.1 26.00 123.00 149.00 OK

Check Details

Version: 0.0.1
Check: dependencies in R code
Result: NOTE
    Namespaces in Imports field not imported from:
     ‘CBPS’ ‘spelling’
     All declared Imports should be used.
Flavors: r-devel-linux-x86_64-fedora-clang, r-devel-linux-x86_64-fedora-gcc, r-devel-windows-x86_64-gcc10-UCRT, r-patched-solaris-x86, r-release-macos-arm64, r-release-macos-x86_64, r-oldrel-macos-x86_64