CRAN Package Check Results for Package catfun

Last updated on 2021-08-05 12:56:58 CEST.

Flavor Version Tinstall Tcheck Ttotal Status Flags
r-devel-linux-x86_64-debian-clang 0.1.4 12.77 97.40 110.17 NOTE
r-devel-linux-x86_64-debian-gcc 0.1.4 9.09 73.34 82.43 NOTE
r-devel-linux-x86_64-fedora-clang 0.1.4 139.42 NOTE
r-devel-linux-x86_64-fedora-gcc 0.1.4 126.13 NOTE
r-devel-windows-x86_64 0.1.4 18.00 118.00 136.00 NOTE
r-devel-windows-x86_64-gcc10-UCRT 0.1.4 ERROR
r-patched-linux-x86_64 0.1.4 9.91 89.61 99.52 NOTE
r-patched-solaris-x86 0.1.4 186.30 NOTE
r-release-linux-x86_64 0.1.4 11.07 90.02 101.09 NOTE
r-release-macos-arm64 0.1.4 NOTE
r-release-macos-x86_64 0.1.4 NOTE
r-release-windows-ix86+x86_64 0.1.4 25.00 84.00 109.00 NOTE
r-oldrel-macos-x86_64 0.1.4 NOTE
r-oldrel-windows-ix86+x86_64 0.1.4 27.00 120.00 147.00 OK

Check Details

Version: 0.1.4
Check: LazyData
Result: NOTE
     'LazyData' is specified without a 'data' directory
Flavors: r-devel-linux-x86_64-debian-clang, r-devel-linux-x86_64-debian-gcc, r-devel-linux-x86_64-fedora-clang, r-devel-linux-x86_64-fedora-gcc, r-devel-windows-x86_64, r-patched-linux-x86_64, r-patched-solaris-x86, r-release-linux-x86_64, r-release-macos-arm64, r-release-macos-x86_64, r-release-windows-ix86+x86_64

Version: 0.1.4
Check: dependencies in R code
Result: NOTE
    Namespaces in Imports field not imported from:
     ‘broom’ ‘epitools’
     All declared Imports should be used.
Flavors: r-devel-linux-x86_64-fedora-clang, r-devel-linux-x86_64-fedora-gcc, r-patched-solaris-x86, r-release-macos-arm64, r-release-macos-x86_64, r-oldrel-macos-x86_64

Version: 0.1.4
Check: package dependencies
Result: ERROR
    Packages required but not available: 'cli', 'Hmisc', 'broom'
    
    Packages suggested but not available for checking:
     'testthat', 'dplyr', 'forcats'
    
    See section 'The DESCRIPTION file' in the 'Writing R Extensions'
    manual.
Flavor: r-devel-windows-x86_64-gcc10-UCRT