CRAN Package Check Results for Package casen

Last updated on 2020-07-08 12:48:51 CEST.

Flavor Version Tinstall Tcheck Ttotal Status Flags
r-devel-linux-x86_64-debian-clang 0.1.4 11.14 124.46 135.60 OK
r-devel-linux-x86_64-debian-gcc 0.1.4 8.91 93.39 102.30 OK
r-devel-linux-x86_64-fedora-clang 0.1.4 165.32 NOTE
r-devel-linux-x86_64-fedora-gcc 0.1.4 159.19 NOTE
r-devel-windows-ix86+x86_64 0.1.4 23.00 161.00 184.00 OK
r-patched-linux-x86_64 0.1.4 10.79 118.07 128.86 OK
r-patched-solaris-x86 0.1.4 214.70 NOTE
r-release-linux-x86_64 0.1.4 10.17 118.63 128.80 OK
r-release-osx-x86_64 0.1.4 NOTE
r-release-windows-ix86+x86_64 0.1.4 22.00 140.00 162.00 OK
r-oldrel-osx-x86_64 0.1.4 NOTE
r-oldrel-windows-ix86+x86_64 0.1.4 35.00 200.00 235.00 OK

Check Details

Version: 0.1.4
Check: dependencies in R code
Result: NOTE
    Namespaces in Imports field not imported from:
     ‘janitor’ ‘tibble’
     All declared Imports should be used.
Flavors: r-devel-linux-x86_64-fedora-clang, r-devel-linux-x86_64-fedora-gcc, r-patched-solaris-x86, r-release-osx-x86_64, r-oldrel-osx-x86_64

Version: 0.1.4
Check: data for non-ASCII characters
Result: NOTE
     Note: found 75 marked UTF-8 strings
Flavors: r-devel-linux-x86_64-fedora-clang, r-devel-linux-x86_64-fedora-gcc, r-patched-solaris-x86, r-release-osx-x86_64, r-oldrel-osx-x86_64