CRAN Package Check Results for Package cascsim

Last updated on 2019-09-15 08:47:13 CEST.

Flavor Version Tinstall Tcheck Ttotal Status Flags
r-devel-linux-x86_64-debian-clang 0.3 17.12 132.54 149.66 NOTE
r-devel-linux-x86_64-debian-gcc 0.3 14.31 104.32 118.63 NOTE
r-devel-linux-x86_64-fedora-clang 0.3 178.72 OK
r-devel-linux-x86_64-fedora-gcc 0.3 176.15 OK
r-devel-windows-ix86+x86_64 0.3 45.00 219.00 264.00 NOTE
r-patched-linux-x86_64 0.3 16.33 132.30 148.63 OK
r-patched-solaris-x86 0.3 271.00 OK
r-release-linux-x86_64 0.3 15.92 130.70 146.62 OK
r-release-windows-ix86+x86_64 0.3 27.00 146.00 173.00 OK
r-release-osx-x86_64 0.3 OK
r-oldrel-windows-ix86+x86_64 0.3 27.00 138.00 165.00 OK
r-oldrel-osx-x86_64 0.3 OK

Additional issues

noLD

Check Details

Version: 0.3
Check: package vignettes
Result: NOTE
    Package vignette with placeholder title 'Vignette Title':
     'cascsim.Rmd'
Flavors: r-devel-linux-x86_64-debian-clang, r-devel-linux-x86_64-debian-gcc, r-devel-windows-ix86+x86_64