CRAN Package Check Results for Package casabourse

Last updated on 2024-02-28 13:53:10 CET.

Flavor Version Tinstall Tcheck Ttotal Status Flags
r-devel-linux-x86_64-debian-clang 2.0.0 1.95 28.92 30.87 OK
r-devel-linux-x86_64-debian-gcc 2.0.0 1.82 22.74 24.56 OK
r-devel-linux-x86_64-fedora-clang 2.0.0 40.05 NOTE
r-devel-linux-x86_64-fedora-gcc 2.0.0 55.66 NOTE
r-devel-windows-x86_64 2.0.0 4.00 99.00 103.00 OK
r-patched-linux-x86_64 2.0.0 2.70 28.29 30.99 OK
r-release-linux-x86_64 2.0.0 2.47 28.46 30.93 OK
r-release-macos-arm64 2.0.0 75.00 OK
r-release-macos-x86_64 2.0.0 88.00 OK
r-release-windows-x86_64 2.0.0 4.00 102.00 106.00 OK
r-oldrel-macos-arm64 2.0.0 76.00 NOTE
r-oldrel-windows-x86_64 2.0.0 4.00 103.00 107.00 OK

Check Details

Version: 2.0.0
Check: dependencies in R code
Result: NOTE Namespace in Imports field not imported from: ‘R.utils’ All declared Imports should be used. Flavors: r-devel-linux-x86_64-fedora-clang, r-devel-linux-x86_64-fedora-gcc, r-oldrel-macos-arm64