CRAN Package Check Results for Package casabourse

Last updated on 2024-07-14 09:51:08 CEST.

Flavor Version Tinstall Tcheck Ttotal Status Flags
r-devel-linux-x86_64-debian-clang 2.0.0 2.38 32.07 34.45 OK
r-devel-linux-x86_64-debian-gcc 2.0.0 1.70 24.10 25.80 OK
r-devel-linux-x86_64-fedora-clang 2.0.0 43.19 NOTE
r-devel-linux-x86_64-fedora-gcc 2.0.0 56.42 NOTE
r-devel-windows-x86_64 2.0.0 4.00 101.00 105.00 OK
r-patched-linux-x86_64 2.0.0 2.01 30.10 32.11 OK
r-release-linux-x86_64 2.0.0 2.37 29.57 31.94 OK
r-release-macos-arm64 2.0.0 102.00 OK
r-release-macos-x86_64 2.0.0 108.00 OK
r-release-windows-x86_64 2.0.0 4.00 101.00 105.00 OK
r-oldrel-macos-arm64 2.0.0 75.00 OK
r-oldrel-macos-x86_64 2.0.0 88.00 OK
r-oldrel-windows-x86_64 2.0.0 4.00 86.00 90.00 OK

Check Details

Version: 2.0.0
Check: dependencies in R code
Result: NOTE Namespace in Imports field not imported from: ‘R.utils’ All declared Imports should be used. Flavors: r-devel-linux-x86_64-fedora-clang, r-devel-linux-x86_64-fedora-gcc