Last updated on 2025-01-18 15:01:49 CET.
Flavor | Version | Tinstall | Tcheck | Ttotal | Status | Flags |
---|---|---|---|---|---|---|
r-devel-linux-x86_64-debian-clang | 3.1.4 | 16.53 | 142.82 | 159.35 | NOTE | |
r-devel-linux-x86_64-debian-gcc | 3.1.4 | 11.05 | 98.13 | 109.18 | NOTE | |
r-devel-linux-x86_64-fedora-clang | 3.1.4 | 270.09 | OK | |||
r-devel-linux-x86_64-fedora-gcc | 3.1.4 | 282.28 | OK | |||
r-devel-windows-x86_64 | 3.1.4 | 21.00 | 179.00 | 200.00 | NOTE | |
r-patched-linux-x86_64 | 3.1.4 | 18.58 | 135.31 | 153.89 | OK | |
r-release-linux-x86_64 | 3.1.4 | 14.37 | 132.69 | 147.06 | OK | |
r-release-macos-arm64 | 3.1.4 | 71.00 | OK | |||
r-release-macos-x86_64 | 3.1.4 | 112.00 | OK | |||
r-release-windows-x86_64 | 3.1.4 | 21.00 | 174.00 | 195.00 | OK | |
r-oldrel-macos-arm64 | 3.1.4 | 107.00 | OK | |||
r-oldrel-macos-x86_64 | 3.1.4 | 174.00 | OK | |||
r-oldrel-windows-x86_64 | 3.1.4 | 21.00 | 221.00 | 242.00 | OK |
Version: 3.1.4
Check: Rd cross-references
Result: NOTE
Found the following Rd file(s) with Rd \link{} targets missing package
anchors:
dotDensityLayer.Rd: st_sample
Please provide package anchors for all Rd \link{} targets not in the
package itself and the base packages.
Flavors: r-devel-linux-x86_64-debian-clang, r-devel-linux-x86_64-debian-gcc, r-devel-windows-x86_64