CRAN Package Check Results for Package caribou

Last updated on 2020-04-05 05:47:06 CEST.

Flavor Version Tinstall Tcheck Ttotal Status Flags
r-devel-linux-x86_64-debian-clang 1.1 2.78 22.68 25.46 NOTE
r-devel-linux-x86_64-debian-gcc 1.1 2.20 18.02 20.22 NOTE
r-devel-linux-x86_64-fedora-clang 1.1 30.95 NOTE
r-devel-linux-x86_64-fedora-gcc 1.1 30.99 NOTE
r-devel-windows-ix86+x86_64 1.1 7.00 46.00 53.00 NOTE
r-devel-windows-ix86+x86_64-gcc8 1.1 5.00 34.00 39.00 NOTE
r-patched-linux-x86_64 1.1 2.73 22.53 25.26 NOTE
r-patched-solaris-x86 1.1 47.80 NOTE
r-release-linux-x86_64 1.1 2.26 20.85 23.11 NOTE
r-release-windows-ix86+x86_64 1.1 4.00 47.00 51.00 NOTE
r-release-osx-x86_64 1.1 NOTE
r-oldrel-windows-ix86+x86_64 1.1 3.00 26.00 29.00 NOTE
r-oldrel-osx-x86_64 1.1 NOTE

Check Details

Version: 1.1
Check: R code for possible problems
Result: NOTE
    abundance: no visible global function definition for 'D'
    Undefined global functions or variables:
     D
    Consider adding
     importFrom("stats", "D")
    to your NAMESPACE file.
Flavors: r-devel-linux-x86_64-debian-clang, r-devel-linux-x86_64-debian-gcc, r-devel-linux-x86_64-fedora-clang, r-devel-linux-x86_64-fedora-gcc, r-devel-windows-ix86+x86_64, r-devel-windows-ix86+x86_64-gcc8, r-patched-linux-x86_64, r-patched-solaris-x86, r-release-linux-x86_64, r-release-windows-ix86+x86_64, r-release-osx-x86_64, r-oldrel-windows-ix86+x86_64, r-oldrel-osx-x86_64