CRAN Package Check Results for Package cargo

Last updated on 2023-12-08 19:51:27 CET.

Flavor Version Tinstall Tcheck Ttotal Status Flags
r-devel-linux-x86_64-debian-clang 0.4.9 3.28 24.51 27.79 NOTE
r-devel-linux-x86_64-debian-gcc 0.4.9 2.46 19.28 21.74 NOTE
r-devel-linux-x86_64-fedora-clang 0.4.9 34.94 OK
r-devel-linux-x86_64-fedora-gcc 0.4.9 33.76 OK
r-devel-windows-x86_64 0.4.9 4.00 42.00 46.00 OK
r-patched-linux-x86_64 0.4.9 3.40 24.79 28.19 OK
r-release-linux-x86_64 0.4.9 3.21 24.49 27.70 OK
r-release-macos-arm64 0.4.9 20.00 OK
r-release-macos-x86_64 0.4.9 36.00 OK
r-release-windows-x86_64 0.4.9 4.00 42.00 46.00 OK
r-oldrel-macos-arm64 0.4.9 21.00 OK
r-oldrel-macos-x86_64 0.4.9 26.00 OK
r-oldrel-windows-x86_64 0.4.9 4.00 46.00 50.00 OK

Check Details

Version: 0.4.9
Check: Rd files
Result: NOTE checkRd: (-1) build_for_cran.Rd:13: Lost braces 13 | The exit status code{R CMD build}, invisibly. | ^ Flavors: r-devel-linux-x86_64-debian-clang, r-devel-linux-x86_64-debian-gcc