CRAN Package Check Results for Package cargo

Last updated on 2024-06-22 03:49:28 CEST.

Flavor Version Tinstall Tcheck Ttotal Status Flags
r-devel-linux-x86_64-debian-clang 0.4.9 2.47 26.35 28.82 NOTE
r-devel-linux-x86_64-debian-gcc 0.4.9 2.23 20.13 22.36 NOTE
r-devel-linux-x86_64-fedora-clang 0.4.9 36.05 NOTE
r-devel-linux-x86_64-fedora-gcc 0.4.9 34.27 NOTE
r-devel-windows-x86_64 0.4.9 3.00 42.00 45.00 NOTE
r-patched-linux-x86_64 0.4.9 2.73 25.26 27.99 NOTE
r-release-linux-x86_64 0.4.9 2.44 24.74 27.18 NOTE
r-release-macos-arm64 0.4.9 16.00 NOTE
r-release-macos-x86_64 0.4.9 23.00 NOTE
r-release-windows-x86_64 0.4.9 3.00 42.00 45.00 NOTE
r-oldrel-macos-arm64 0.4.9 20.00 OK
r-oldrel-macos-x86_64 0.4.9 36.00 OK
r-oldrel-windows-x86_64 0.4.9 3.00 45.00 48.00 OK

Check Details

Version: 0.4.9
Check: Rd files
Result: NOTE checkRd: (-1) build_for_cran.Rd:13: Lost braces 13 | The exit status code{R CMD build}, invisibly. | ^ Flavors: r-devel-linux-x86_64-debian-clang, r-devel-linux-x86_64-debian-gcc, r-devel-linux-x86_64-fedora-clang, r-devel-linux-x86_64-fedora-gcc, r-devel-windows-x86_64, r-patched-linux-x86_64, r-release-linux-x86_64, r-release-macos-arm64, r-release-macos-x86_64, r-release-windows-x86_64