CRAN Package Check Results for Package capwire

Last updated on 2019-06-24 15:48:05 CEST.

Flavor Version Tinstall Tcheck Ttotal Status Flags
r-devel-linux-x86_64-debian-clang 1.1.4 2.64 37.51 40.15 NOTE
r-devel-linux-x86_64-debian-gcc 1.1.4 2.12 28.88 31.00 NOTE
r-devel-linux-x86_64-fedora-clang 1.1.4 44.87 NOTE
r-devel-linux-x86_64-fedora-gcc 1.1.4 44.13 NOTE
r-devel-windows-ix86+x86_64 1.1.4 9.00 46.00 55.00 NOTE
r-patched-linux-x86_64 1.1.4 2.77 37.03 39.80 NOTE
r-patched-solaris-x86 1.1.4 63.70 NOTE
r-release-linux-x86_64 1.1.4 2.71 37.60 40.31 NOTE
r-release-windows-ix86+x86_64 1.1.4 5.00 63.00 68.00 NOTE
r-release-osx-x86_64 1.1.4 NOTE
r-oldrel-windows-ix86+x86_64 1.1.4 3.00 39.00 42.00 NOTE
r-oldrel-osx-x86_64 1.1.4 NOTE

Check Details

Version: 1.1.4
Check: R code for possible problems
Result: NOTE
    bootstrapCapwire: no visible global function definition for 'quantile'
    drawCapRatesBeta : <anonymous>: no visible global function definition
     for 'rbeta'
    drawCapRatesExp : <anonymous>: no visible global function definition
     for 'rexp'
    drawCapRatesGamma : <anonymous>: no visible global function definition
     for 'rgamma'
    drawCapRatesGeom : <anonymous>: no visible global function definition
     for 'rgeom'
    drawCapRatesUnif : <anonymous>: no visible global function definition
     for 'runif'
    partitionCountData : find.3.way.partitions: no visible global function
     definition for 'dmultinom'
    Undefined global functions or variables:
     dmultinom quantile rbeta rexp rgamma rgeom runif
    Consider adding
     importFrom("stats", "dmultinom", "quantile", "rbeta", "rexp", "rgamma",
     "rgeom", "runif")
    to your NAMESPACE file.
Flavors: r-devel-linux-x86_64-debian-clang, r-devel-linux-x86_64-debian-gcc, r-devel-linux-x86_64-fedora-clang, r-devel-linux-x86_64-fedora-gcc, r-devel-windows-ix86+x86_64, r-patched-linux-x86_64, r-patched-solaris-x86, r-release-linux-x86_64, r-release-windows-ix86+x86_64, r-release-osx-x86_64, r-oldrel-windows-ix86+x86_64, r-oldrel-osx-x86_64