CRAN Package Check Results for Package capwire

Last updated on 2019-04-20 10:47:31 CEST.

Flavor Version Tinstall Tcheck Ttotal Status Flags
r-devel-linux-x86_64-debian-clang 1.1.4 2.51 37.93 40.44 NOTE
r-devel-linux-x86_64-debian-gcc 1.1.4 2.67 31.94 34.61 NOTE
r-devel-linux-x86_64-fedora-clang 1.1.4 44.50 NOTE
r-devel-linux-x86_64-fedora-gcc 1.1.4 43.18 NOTE
r-devel-windows-ix86+x86_64 1.1.4 5.00 44.00 49.00 NOTE
r-patched-linux-x86_64 1.1.4 2.61 37.25 39.86 NOTE
r-patched-solaris-x86 1.1.4 63.50 NOTE
r-release-linux-x86_64 1.1.4 1.58 36.10 37.68 NOTE
r-release-windows-ix86+x86_64 1.1.4 3.00 39.00 42.00 NOTE
r-release-osx-x86_64 1.1.4 NOTE
r-oldrel-windows-ix86+x86_64 1.1.4 3.00 43.00 46.00 NOTE
r-oldrel-osx-x86_64 1.1.4 NOTE

Check Details

Version: 1.1.4
Check: R code for possible problems
Result: NOTE
    bootstrapCapwire: no visible global function definition for 'quantile'
    drawCapRatesBeta : <anonymous>: no visible global function definition
     for 'rbeta'
    drawCapRatesExp : <anonymous>: no visible global function definition
     for 'rexp'
    drawCapRatesGamma : <anonymous>: no visible global function definition
     for 'rgamma'
    drawCapRatesGeom : <anonymous>: no visible global function definition
     for 'rgeom'
    drawCapRatesUnif : <anonymous>: no visible global function definition
     for 'runif'
    partitionCountData : find.3.way.partitions: no visible global function
     definition for 'dmultinom'
    Undefined global functions or variables:
     dmultinom quantile rbeta rexp rgamma rgeom runif
    Consider adding
     importFrom("stats", "dmultinom", "quantile", "rbeta", "rexp", "rgamma",
     "rgeom", "runif")
    to your NAMESPACE file.
Flavors: r-devel-linux-x86_64-debian-clang, r-devel-linux-x86_64-debian-gcc, r-devel-linux-x86_64-fedora-clang, r-devel-linux-x86_64-fedora-gcc, r-devel-windows-ix86+x86_64, r-patched-linux-x86_64, r-patched-solaris-x86, r-release-linux-x86_64, r-release-windows-ix86+x86_64, r-release-osx-x86_64, r-oldrel-windows-ix86+x86_64, r-oldrel-osx-x86_64