CRAN Package Check Results for Package capwire

Last updated on 2020-04-01 11:48:46 CEST.

Flavor Version Tinstall Tcheck Ttotal Status Flags
r-devel-linux-x86_64-debian-clang 1.1.4 3.24 41.20 44.44 NOTE
r-devel-linux-x86_64-debian-gcc 1.1.4 2.47 30.36 32.83 NOTE
r-devel-linux-x86_64-fedora-clang 1.1.4 51.00 NOTE
r-devel-linux-x86_64-fedora-gcc 1.1.4 49.99 NOTE
r-devel-windows-ix86+x86_64 1.1.4 8.00 67.00 75.00 NOTE
r-devel-windows-ix86+x86_64-gcc8 1.1.4 6.00 51.00 57.00 NOTE
r-patched-linux-x86_64 1.1.4 3.23 38.99 42.22 NOTE
r-patched-solaris-x86 1.1.4 70.90 NOTE
r-release-linux-x86_64 1.1.4 2.56 36.33 38.89 NOTE
r-release-windows-ix86+x86_64 1.1.4 5.00 63.00 68.00 NOTE
r-release-osx-x86_64 1.1.4 NOTE
r-oldrel-windows-ix86+x86_64 1.1.4 3.00 39.00 42.00 NOTE
r-oldrel-osx-x86_64 1.1.4 NOTE

Check Details

Version: 1.1.4
Check: R code for possible problems
Result: NOTE
    bootstrapCapwire: no visible global function definition for 'quantile'
    drawCapRatesBeta : <anonymous>: no visible global function definition
     for 'rbeta'
    drawCapRatesExp : <anonymous>: no visible global function definition
     for 'rexp'
    drawCapRatesGamma : <anonymous>: no visible global function definition
     for 'rgamma'
    drawCapRatesGeom : <anonymous>: no visible global function definition
     for 'rgeom'
    drawCapRatesUnif : <anonymous>: no visible global function definition
     for 'runif'
    partitionCountData : find.3.way.partitions: no visible global function
     definition for 'dmultinom'
    Undefined global functions or variables:
     dmultinom quantile rbeta rexp rgamma rgeom runif
    Consider adding
     importFrom("stats", "dmultinom", "quantile", "rbeta", "rexp", "rgamma",
     "rgeom", "runif")
    to your NAMESPACE file.
Flavors: r-devel-linux-x86_64-debian-clang, r-devel-linux-x86_64-debian-gcc, r-devel-linux-x86_64-fedora-clang, r-devel-linux-x86_64-fedora-gcc, r-devel-windows-ix86+x86_64, r-devel-windows-ix86+x86_64-gcc8, r-patched-linux-x86_64, r-patched-solaris-x86, r-release-linux-x86_64, r-release-windows-ix86+x86_64, r-release-osx-x86_64, r-oldrel-windows-ix86+x86_64, r-oldrel-osx-x86_64