CRAN Package Check Results for Package captr

Last updated on 2024-07-18 04:50:10 CEST.

Flavor Version Tinstall Tcheck Ttotal Status Flags
r-devel-linux-x86_64-debian-clang 0.3.0 3.24 33.39 36.63 NOTE
r-devel-linux-x86_64-debian-gcc 0.3.0 2.30 25.73 28.03 NOTE
r-devel-linux-x86_64-fedora-clang 0.3.0 46.67 NOTE
r-devel-linux-x86_64-fedora-gcc 0.3.0 56.22 NOTE
r-devel-windows-x86_64 0.3.0 3.00 51.00 54.00 NOTE
r-patched-linux-x86_64 0.3.0 3.36 32.11 35.47 NOTE
r-release-linux-x86_64 0.3.0 3.09 31.72 34.81 NOTE
r-release-macos-arm64 0.3.0 27.00 NOTE
r-release-macos-x86_64 0.3.0 42.00 NOTE
r-release-windows-x86_64 0.3.0 3.00 51.00 54.00 NOTE
r-oldrel-macos-arm64 0.3.0 27.00 NOTE
r-oldrel-macos-x86_64 0.3.0 36.00 NOTE
r-oldrel-windows-x86_64 0.3.0 4.00 53.00 57.00 NOTE

Check Details

Version: 0.3.0
Check: package subdirectories
Result: NOTE Problems with news in ‘NEWS.md’: Cannot extract version info from the following section titles: captr .1.4 captr .1.3 captr .1.2 Flavors: r-devel-linux-x86_64-debian-clang, r-devel-linux-x86_64-debian-gcc, r-devel-linux-x86_64-fedora-clang, r-devel-linux-x86_64-fedora-gcc, r-devel-windows-x86_64, r-patched-linux-x86_64, r-release-linux-x86_64, r-release-macos-arm64, r-release-macos-x86_64, r-release-windows-x86_64, r-oldrel-macos-arm64, r-oldrel-macos-x86_64, r-oldrel-windows-x86_64

Version: 0.3.0
Check: LazyData
Result: NOTE 'LazyData' is specified without a 'data' directory Flavors: r-devel-linux-x86_64-debian-clang, r-devel-linux-x86_64-debian-gcc, r-devel-linux-x86_64-fedora-clang, r-devel-linux-x86_64-fedora-gcc, r-devel-windows-x86_64, r-patched-linux-x86_64, r-release-linux-x86_64, r-release-macos-arm64, r-release-macos-x86_64, r-release-windows-x86_64, r-oldrel-macos-arm64, r-oldrel-macos-x86_64, r-oldrel-windows-x86_64