CRAN Package Check Results for Package captr

Last updated on 2021-06-17 20:51:48 CEST.

Flavor Version Tinstall Tcheck Ttotal Status Flags
r-devel-linux-x86_64-debian-clang 0.3.0 2.69 28.22 30.91 NOTE
r-devel-linux-x86_64-debian-gcc 0.3.0 2.13 22.56 24.69 NOTE
r-devel-linux-x86_64-fedora-clang 0.3.0 46.68 NOTE
r-devel-linux-x86_64-fedora-gcc 0.3.0 36.96 NOTE
r-devel-windows-x86_64 0.3.0 5.00 45.00 50.00 NOTE
r-devel-windows-x86_64-gcc10-UCRT 0.3.0 NOTE
r-patched-linux-x86_64 0.3.0 2.72 27.64 30.36 NOTE
r-patched-solaris-x86 0.3.0 56.10 NOTE
r-release-linux-x86_64 0.3.0 2.92 27.51 30.43 NOTE
r-release-macos-arm64 0.3.0 NOTE
r-release-macos-x86_64 0.3.0 NOTE
r-release-windows-ix86+x86_64 0.3.0 6.00 45.00 51.00 NOTE
r-oldrel-macos-x86_64 0.3.0 OK
r-oldrel-windows-ix86+x86_64 0.3.0 6.00 45.00 51.00 OK

Check Details

Version: 0.3.0
Check: LazyData
Result: NOTE
     'LazyData' is specified without a 'data' directory
Flavors: r-devel-linux-x86_64-debian-clang, r-devel-linux-x86_64-debian-gcc, r-devel-linux-x86_64-fedora-clang, r-devel-linux-x86_64-fedora-gcc, r-devel-windows-x86_64, r-devel-windows-x86_64-gcc10-UCRT, r-patched-linux-x86_64, r-patched-solaris-x86, r-release-linux-x86_64, r-release-macos-arm64, r-release-macos-x86_64, r-release-windows-ix86+x86_64