CRAN Package Check Results for Package captr

Last updated on 2023-12-06 16:53:06 CET.

Flavor Version Tinstall Tcheck Ttotal Status Flags
r-devel-linux-x86_64-debian-clang 0.3.0 3.39 30.47 33.86 NOTE
r-devel-linux-x86_64-debian-gcc 0.3.0 2.46 24.30 26.76 NOTE
r-devel-linux-x86_64-fedora-clang 0.3.0 42.41 NOTE
r-devel-linux-x86_64-fedora-gcc 0.3.0 51.27 NOTE
r-devel-windows-x86_64 0.3.0 4.00 50.00 54.00 NOTE
r-patched-linux-x86_64 0.3.0 3.72 30.16 33.88 NOTE
r-release-linux-x86_64 0.3.0 3.29 30.37 33.66 NOTE
r-release-macos-arm64 0.3.0 27.00 NOTE
r-release-macos-x86_64 0.3.0 36.00 NOTE
r-release-windows-x86_64 0.3.0 4.00 52.00 56.00 NOTE
r-oldrel-macos-arm64 0.3.0 17.00 NOTE
r-oldrel-macos-x86_64 0.3.0 28.00 NOTE
r-oldrel-windows-x86_64 0.3.0 5.00 51.00 56.00 NOTE

Check Details

Version: 0.3.0
Check: package subdirectories
Result: NOTE Problems with news in ‘NEWS.md’: Cannot extract version info from the following section titles: captr .1.4 captr .1.3 captr .1.2 Flavors: r-devel-linux-x86_64-debian-clang, r-devel-linux-x86_64-debian-gcc, r-devel-linux-x86_64-fedora-clang, r-devel-linux-x86_64-fedora-gcc, r-devel-windows-x86_64, r-patched-linux-x86_64, r-release-linux-x86_64, r-release-macos-arm64, r-release-macos-x86_64, r-release-windows-x86_64

Version: 0.3.0
Check: LazyData
Result: NOTE 'LazyData' is specified without a 'data' directory Flavors: r-devel-linux-x86_64-debian-clang, r-devel-linux-x86_64-debian-gcc, r-devel-linux-x86_64-fedora-clang, r-devel-linux-x86_64-fedora-gcc, r-devel-windows-x86_64, r-patched-linux-x86_64, r-release-linux-x86_64, r-release-macos-arm64, r-release-macos-x86_64, r-release-windows-x86_64, r-oldrel-macos-arm64, r-oldrel-macos-x86_64, r-oldrel-windows-x86_64