CRAN Package Check Results for Package caper

Last updated on 2022-08-12 21:52:57 CEST.

Flavor Version Tinstall Tcheck Ttotal Status Flags
r-devel-linux-x86_64-debian-clang 1.0.1 4.85 121.52 126.37 NOTE
r-devel-linux-x86_64-debian-gcc 1.0.1 6.41 89.47 95.88 NOTE
r-devel-linux-x86_64-fedora-clang 1.0.1 163.94 NOTE
r-devel-linux-x86_64-fedora-gcc 1.0.1 173.34 NOTE
r-devel-windows-x86_64 1.0.1 29.00 174.00 203.00 NOTE
r-patched-linux-x86_64 1.0.1 8.89 117.87 126.76 OK
r-release-linux-x86_64 1.0.1 6.32 115.11 121.43 OK
r-release-macos-arm64 1.0.1 52.00 OK
r-release-macos-x86_64 1.0.1 86.00 OK
r-release-windows-x86_64 1.0.1 32.00 173.00 205.00 OK
r-oldrel-macos-arm64 1.0.1 60.00 OK
r-oldrel-macos-x86_64 1.0.1 125.00 OK
r-oldrel-windows-ix86+x86_64 1.0.1 14.00 145.00 159.00 OK

Check Details

Version: 1.0.1
Check: Rd files
Result: NOTE
    checkRd: (-1) caic-class.Rd:14: Escaped LaTeX specials: \$ \$
    checkRd: (-1) caic-class.Rd:15: Escaped LaTeX specials: \$ \$
Flavors: r-devel-linux-x86_64-debian-clang, r-devel-linux-x86_64-debian-gcc, r-devel-linux-x86_64-fedora-clang, r-devel-linux-x86_64-fedora-gcc, r-devel-windows-x86_64