CRAN Package Check Results for Package cancerTiming

Last updated on 2019-02-21 07:48:29 CET.

Flavor Version Tinstall Tcheck Ttotal Status Flags
r-devel-linux-x86_64-debian-clang 3.1.8 3.58 37.99 41.57 OK
r-devel-linux-x86_64-debian-gcc 3.1.8 2.36 30.10 32.46 OK
r-devel-linux-x86_64-fedora-clang 3.1.8 49.66 OK
r-devel-linux-x86_64-fedora-gcc 3.1.8 46.20 OK
r-devel-windows-ix86+x86_64 3.1.8 9.00 48.00 57.00 OK
r-patched-linux-x86_64 3.1.8 OK
r-patched-solaris-x86 3.1.8 70.60 OK
r-release-linux-x86_64 3.1.8 OK
r-release-windows-ix86+x86_64 3.1.8 5.00 65.00 70.00 OK
r-release-osx-x86_64 3.1.8 OK
r-oldrel-windows-ix86+x86_64 3.1.8 4.00 63.00 67.00 OK
r-oldrel-osx-x86_64 3.1.8 NOTE

Check Details

Version: 3.1.8
Check: package dependencies
Result: NOTE
    Packages suggested but not available for checking:
     ‘GenomicRanges’ ‘IRanges’ ‘S4Vectors’
Flavor: r-oldrel-osx-x86_64

Version: 3.1.8
Check: Rd cross-references
Result: NOTE
    Package unavailable to check Rd xrefs: ‘GenomicRanges’
Flavor: r-oldrel-osx-x86_64