CRAN Package Check Results for Package cancerTiming

Last updated on 2019-08-24 06:47:15 CEST.

Flavor Version Tinstall Tcheck Ttotal Status Flags
r-devel-linux-x86_64-debian-clang 3.1.8 4.64 37.39 42.03 OK
r-devel-linux-x86_64-debian-gcc 3.1.8 3.50 30.26 33.76 OK
r-devel-linux-x86_64-fedora-clang 3.1.8 49.03 OK
r-devel-linux-x86_64-fedora-gcc 3.1.8 50.07 OK
r-devel-windows-ix86+x86_64 3.1.8 10.00 54.00 64.00 OK
r-patched-linux-x86_64 3.1.8 3.35 37.15 40.50 OK
r-patched-solaris-x86 3.1.8 74.80 OK
r-release-linux-x86_64 3.1.8 4.22 36.85 41.07 OK
r-release-windows-ix86+x86_64 3.1.8 15.00 73.00 88.00 OK
r-release-osx-x86_64 3.1.8 NOTE
r-oldrel-windows-ix86+x86_64 3.1.8 8.00 67.00 75.00 OK
r-oldrel-osx-x86_64 3.1.8 OK

Check Details

Version: 3.1.8
Check: package dependencies
Result: NOTE
    Packages suggested but not available for checking:
     'GenomicRanges', 'IRanges', 'S4Vectors'
Flavor: r-release-osx-x86_64

Version: 3.1.8
Check: Rd cross-references
Result: NOTE
    Package unavailable to check Rd xrefs: ‘GenomicRanges’
Flavor: r-release-osx-x86_64