Last updated on 2023-12-06 16:53:06 CET.
Flavor | Version | Tinstall | Tcheck | Ttotal | Status | Flags |
---|---|---|---|---|---|---|
r-devel-linux-x86_64-debian-clang | 0.13.0 | 5.20 | 69.35 | 74.55 | OK | |
r-devel-linux-x86_64-debian-gcc | 0.13.0 | 4.73 | 53.43 | 58.16 | OK | |
r-devel-linux-x86_64-fedora-clang | 0.13.0 | 94.31 | OK | |||
r-devel-linux-x86_64-fedora-gcc | 0.13.0 | 91.56 | OK | |||
r-devel-windows-x86_64 | 0.13.0 | 7.00 | 76.00 | 83.00 | OK | |
r-patched-linux-x86_64 | 0.13.0 | 5.20 | 68.12 | 73.32 | OK | |
r-release-linux-x86_64 | 0.13.0 | 5.51 | 67.95 | 73.46 | OK | |
r-release-macos-arm64 | 0.13.0 | 5.00 | ERROR | |||
r-release-macos-x86_64 | 0.13.0 | 59.00 | OK | |||
r-release-windows-x86_64 | 0.13.0 | 8.00 | 84.00 | 92.00 | OK | |
r-oldrel-macos-arm64 | 0.13.0 | 31.00 | OK | |||
r-oldrel-macos-x86_64 | 0.13.0 | 69.00 | OK | |||
r-oldrel-windows-x86_64 | 0.13.0 | 9.00 | 91.00 | 100.00 | OK |
Version: 0.13.0
Check: package dependencies
Result: ERROR
Package required but not available: ‘aroma.core’
See section ‘The DESCRIPTION file’ in the ‘Writing R Extensions’
manual.
Flavor: r-release-macos-arm64