CRAN Package Check Results for Package calidad

Last updated on 2022-12-08 17:51:36 CET.

Flavor Version Tinstall Tcheck Ttotal Status Flags
r-devel-linux-x86_64-debian-clang 0.3.0 14.37 384.91 399.28 OK
r-devel-linux-x86_64-debian-gcc 0.3.0 13.13 295.50 308.63 OK
r-devel-linux-x86_64-fedora-clang 0.4.0 518.98 NOTE
r-devel-linux-x86_64-fedora-gcc 0.4.0 517.29 NOTE
r-devel-windows-x86_64 0.3.0 33.00 428.00 461.00 OK
r-patched-linux-x86_64 0.3.0 10.18 362.35 372.53 OK
r-release-linux-x86_64 0.3.0 9.28 365.21 374.49 OK
r-release-macos-arm64 0.3.0 121.00 NOTE
r-release-macos-x86_64 0.3.0 160.00 NOTE
r-release-windows-x86_64 0.4.0 28.00 387.00 415.00 OK
r-oldrel-macos-arm64 0.3.0 116.00 NOTE
r-oldrel-macos-x86_64 0.3.0 154.00 NOTE
r-oldrel-windows-ix86+x86_64 0.4.0 10.00 31.00 41.00 ERROR

Check Details

Version: 0.4.0
Check: data for non-ASCII characters
Result: NOTE
     Note: found 58 marked UTF-8 strings
Flavors: r-devel-linux-x86_64-fedora-clang, r-devel-linux-x86_64-fedora-gcc

Version: 0.3.0
Check: data for non-ASCII characters
Result: NOTE
     Note: found 58 marked UTF-8 strings
Flavors: r-release-macos-arm64, r-release-macos-x86_64, r-oldrel-macos-arm64, r-oldrel-macos-x86_64

Version: 0.4.0
Check: whether package can be installed
Result: ERROR
    Installation failed.
Flavor: r-oldrel-windows-ix86+x86_64