CRAN Package Check Results for Package caffsim

Last updated on 2022-06-28 15:53:12 CEST.

Flavor Version Tinstall Tcheck Ttotal Status Flags
r-devel-linux-x86_64-debian-clang 0.2.2 12.67 111.33 124.00 OK
r-devel-linux-x86_64-debian-gcc 0.2.2 9.66 83.62 93.28 OK
r-devel-linux-x86_64-fedora-clang 0.2.2 153.22 NOTE
r-devel-linux-x86_64-fedora-gcc 0.2.2 152.63 NOTE
r-devel-windows-x86_64 0.2.2 20.00 128.00 148.00 OK
r-patched-linux-x86_64 0.2.2 11.60 104.53 116.13 OK
r-release-linux-x86_64 0.2.2 10.74 104.61 115.35 OK
r-release-macos-arm64 0.2.2 45.00 NOTE
r-release-macos-x86_64 0.2.2 89.00 NOTE
r-release-windows-x86_64 0.2.2 21.00 125.00 146.00 OK
r-oldrel-macos-arm64 0.2.2 48.00 NOTE
r-oldrel-macos-x86_64 0.2.2 66.00 NOTE
r-oldrel-windows-ix86+x86_64 0.2.2 28.00 124.00 152.00 OK

Check Details

Version: 0.2.2
Check: dependencies in R code
Result: NOTE
    Namespace in Imports field not imported from: ‘markdown’
     All declared Imports should be used.
Flavors: r-devel-linux-x86_64-fedora-clang, r-devel-linux-x86_64-fedora-gcc, r-release-macos-arm64, r-release-macos-x86_64, r-oldrel-macos-arm64, r-oldrel-macos-x86_64