Last updated on 2022-08-13 04:57:44 CEST.
Flavor | Version | Tinstall | Tcheck | Ttotal | Status | Flags |
---|---|---|---|---|---|---|
r-devel-linux-x86_64-debian-clang | 1.3.2 | 91.75 | 579.59 | 671.34 | OK | |
r-devel-linux-x86_64-debian-gcc | 1.3.2 | 67.07 | 352.93 | 420.00 | OK | |
r-devel-linux-x86_64-fedora-clang | 1.3.2 | 696.39 | OK | |||
r-devel-linux-x86_64-fedora-gcc | 1.3.2 | 654.77 | OK | |||
r-devel-windows-x86_64 | 1.3.2 | 68.00 | 435.00 | 503.00 | OK | |
r-patched-linux-x86_64 | 1.3.2 | 66.17 | 461.70 | 527.87 | OK | |
r-release-linux-x86_64 | 1.3.2 | 74.05 | 446.20 | 520.25 | OK | |
r-release-macos-arm64 | 1.3.2 | 239.00 | NOTE | |||
r-release-macos-x86_64 | 1.3.2 | 225.00 | OK | |||
r-release-windows-x86_64 | 1.3.2 | 69.00 | 441.00 | 510.00 | OK | |
r-oldrel-macos-arm64 | 1.3.2 | 221.00 | NOTE | |||
r-oldrel-macos-x86_64 | 1.3.2 | 228.00 | OK | |||
r-oldrel-windows-ix86+x86_64 | 1.3.2 | 201.00 | 478.00 | 679.00 | OK |
Version: 1.3.2
Check: installed package size
Result: NOTE
installed size is 5.1Mb
sub-directories of 1Mb or more:
libs 4.9Mb
Flavors: r-release-macos-arm64, r-oldrel-macos-arm64