CRAN Package Check Results for Package c14bazAAR

Last updated on 2019-04-25 15:53:50 CEST.

Flavor Version Tinstall Tcheck Ttotal Status Flags
r-devel-linux-x86_64-debian-clang 1.0.2 2.40 46.89 49.29 OK
r-devel-linux-x86_64-debian-gcc 1.0.2 2.91 35.23 38.14 OK
r-devel-linux-x86_64-fedora-clang 1.0.2 60.21 NOTE
r-devel-linux-x86_64-fedora-gcc 1.0.2 57.37 NOTE
r-devel-windows-ix86+x86_64 1.0.2 11.00 64.00 75.00 OK
r-patched-linux-x86_64 1.0.2 3.16 45.71 48.87 OK
r-patched-solaris-x86 1.0.2 86.90 NOTE
r-release-linux-x86_64 1.0.2 2.87 45.09 47.96 OK
r-release-windows-ix86+x86_64 1.0.2 5.00 88.00 93.00 OK
r-release-osx-x86_64 1.0.2 NOTE
r-oldrel-windows-ix86+x86_64 1.0.2 4.00 58.00 62.00 OK
r-oldrel-osx-x86_64 1.0.2 NOTE

Check Details

Version: 1.0.2
Check: data for non-ASCII characters
Result: NOTE
     Note: found 76 marked UTF-8 strings
Flavors: r-devel-linux-x86_64-fedora-clang, r-devel-linux-x86_64-fedora-gcc, r-patched-solaris-x86, r-release-osx-x86_64, r-oldrel-osx-x86_64