CRAN Package Check Results for Package c14bazAAR

Last updated on 2019-02-22 02:47:07 CET.

Flavor Version Tinstall Tcheck Ttotal Status Flags
r-devel-linux-x86_64-debian-clang 1.0.2 2.97 49.33 52.30 OK
r-devel-linux-x86_64-debian-gcc 1.0.2 2.64 36.50 39.14 OK
r-devel-linux-x86_64-fedora-clang 1.0.2 64.22 NOTE
r-devel-linux-x86_64-fedora-gcc 1.0.2 57.97 NOTE
r-devel-windows-ix86+x86_64 1.0.2 9.00 80.00 89.00 OK
r-patched-linux-x86_64 1.0.2 2.81 44.04 46.85 OK
r-patched-solaris-x86 1.0.2 90.70 NOTE
r-release-linux-x86_64 1.0.2 OK
r-release-windows-ix86+x86_64 1.0.2 6.00 83.00 89.00 OK
r-release-osx-x86_64 1.0.2 NOTE
r-oldrel-windows-ix86+x86_64 1.0.2 4.00 73.00 77.00 OK
r-oldrel-osx-x86_64 1.0.2 NOTE

Check Details

Version: 1.0.2
Check: data for non-ASCII characters
Result: NOTE
     Note: found 76 marked UTF-8 strings
Flavors: r-devel-linux-x86_64-fedora-clang, r-devel-linux-x86_64-fedora-gcc, r-patched-solaris-x86, r-release-osx-x86_64, r-oldrel-osx-x86_64