CRAN Package Check Results for Package bwd

Last updated on 2021-06-23 02:50:45 CEST.

Flavor Version Tinstall Tcheck Ttotal Status Flags
r-devel-linux-x86_64-debian-clang 0.1.0 3.00 22.33 25.33 NOTE
r-devel-linux-x86_64-debian-gcc 0.1.0 2.06 17.32 19.38 NOTE
r-devel-linux-x86_64-fedora-clang 0.1.0 39.64 NOTE
r-devel-linux-x86_64-fedora-gcc 0.1.0 29.03 NOTE
r-devel-windows-x86_64 0.1.0 6.00 34.00 40.00 NOTE
r-devel-windows-x86_64-gcc10-UCRT 0.1.0 NOTE
r-patched-linux-x86_64 0.1.0 2.56 21.80 24.36 NOTE
r-patched-solaris-x86 0.1.0 47.00 NOTE
r-release-linux-x86_64 0.1.0 2.57 21.60 24.17 NOTE
r-release-macos-arm64 0.1.0 NOTE
r-release-macos-x86_64 0.1.0 NOTE
r-release-windows-ix86+x86_64 0.1.0 8.00 32.00 40.00 NOTE
r-oldrel-macos-x86_64 0.1.0 OK
r-oldrel-windows-ix86+x86_64 0.1.0 9.00 33.00 42.00 OK

Check Details

Version: 0.1.0
Check: LazyData
Result: NOTE
     'LazyData' is specified without a 'data' directory
Flavors: r-devel-linux-x86_64-debian-clang, r-devel-linux-x86_64-debian-gcc, r-devel-linux-x86_64-fedora-clang, r-devel-linux-x86_64-fedora-gcc, r-devel-windows-x86_64, r-devel-windows-x86_64-gcc10-UCRT, r-patched-linux-x86_64, r-patched-solaris-x86, r-release-linux-x86_64, r-release-macos-arm64, r-release-macos-x86_64, r-release-windows-ix86+x86_64