CRAN Package Check Results for Package bvenn

Last updated on 2020-09-23 13:04:46 CEST.

Flavor Version Tinstall Tcheck Ttotal Status Flags
r-devel-linux-x86_64-debian-clang 0.1 2.22 19.19 21.41 NOTE
r-devel-linux-x86_64-debian-gcc 0.1 1.68 15.40 17.08 NOTE
r-devel-linux-x86_64-fedora-clang 0.1 34.67 NOTE
r-devel-linux-x86_64-fedora-gcc 0.1 25.76 NOTE
r-devel-windows-ix86+x86_64 0.1 4.00 28.00 32.00 OK
r-patched-linux-x86_64 0.1 2.17 18.71 20.88 NOTE
r-patched-solaris-x86 0.1 41.80 OK
r-release-linux-x86_64 0.1 2.29 18.69 20.98 NOTE
r-release-macos-x86_64 0.1 OK
r-release-windows-ix86+x86_64 0.1 5.00 29.00 34.00 OK
r-oldrel-macos-x86_64 0.1 OK
r-oldrel-windows-ix86+x86_64 0.1 4.00 41.00 45.00 OK

Check Details

Version: 0.1
Check: Rd line widths
Result: NOTE
    Rd file 'bvenn.Rd':
     \examples lines wider than 100 characters:
     bvenn(list(Set1 = sample(letters, 16), Set2 = sample(letters, 3+ 3*j), Set3 = sample(letters, 7)), add = TRUE, fontsize ... [TRUNCATED]
    
    These lines will be truncated in the PDF manual.
Flavors: r-devel-linux-x86_64-debian-clang, r-devel-linux-x86_64-debian-gcc, r-devel-linux-x86_64-fedora-clang, r-devel-linux-x86_64-fedora-gcc, r-patched-linux-x86_64, r-release-linux-x86_64