Last updated on 2023-06-07 23:40:30 CEST.
Flavor | Version | Tinstall | Tcheck | Ttotal | Status | Flags |
---|---|---|---|---|---|---|
r-devel-linux-x86_64-debian-clang | 0.2.1 | 377.37 | 219.91 | 597.28 | NOTE | |
r-devel-linux-x86_64-debian-gcc | 0.2.1 | 326.31 | 169.95 | 496.26 | NOTE | |
r-devel-linux-x86_64-fedora-clang | 0.2.1 | 842.96 | NOTE | |||
r-devel-linux-x86_64-fedora-gcc | 0.2.1 | 910.20 | NOTE | |||
r-devel-windows-x86_64 | 0.2.1 | 285.00 | 213.00 | 498.00 | NOTE | |
r-patched-linux-x86_64 | 0.2.1 | 343.39 | 210.89 | 554.28 | NOTE | |
r-release-linux-x86_64 | 0.2.1 | 336.50 | 214.85 | 551.35 | NOTE | |
r-release-macos-arm64 | 0.2.1 | 208.00 | NOTE | |||
r-release-macos-x86_64 | 0.2.1 | 456.00 | NOTE | |||
r-release-windows-x86_64 | 0.2.1 | 366.00 | 248.00 | 614.00 | NOTE | |
r-oldrel-macos-arm64 | 0.2.1 | 210.00 | NOTE | |||
r-oldrel-macos-x86_64 | 0.2.1 | 273.00 | NOTE | |||
r-oldrel-windows-x86_64 | 0.2.1 | 344.00 | 239.00 | 583.00 | OK |
Version: 0.2.1
Check: C++ specification
Result: NOTE
Specified C++11: please drop specification unless essential
Flavors: r-devel-linux-x86_64-debian-clang, r-devel-linux-x86_64-debian-gcc, r-devel-linux-x86_64-fedora-clang, r-devel-linux-x86_64-fedora-gcc, r-devel-windows-x86_64, r-patched-linux-x86_64, r-release-linux-x86_64, r-release-macos-arm64, r-release-macos-x86_64, r-release-windows-x86_64
Version: 0.2.1
Check: installed package size
Result: NOTE
installed size is 20.6Mb
sub-directories of 1Mb or more:
libs 19.1Mb
Flavors: r-release-macos-arm64, r-release-macos-x86_64, r-oldrel-macos-arm64, r-oldrel-macos-x86_64