CRAN Package Check Results for Package bunchr

Last updated on 2022-10-02 09:53:25 CEST.

Flavor Version Tinstall Tcheck Ttotal Status Flags
r-devel-linux-x86_64-debian-clang 1.2.0 2.60 568.02 570.62 NOTE
r-devel-linux-x86_64-debian-gcc 1.2.0 2.26 405.41 407.67 NOTE
r-devel-linux-x86_64-fedora-clang 1.2.0 687.49 NOTE
r-devel-linux-x86_64-fedora-gcc 1.2.0 658.98 NOTE
r-devel-windows-x86_64 1.2.0 15.00 359.00 374.00 NOTE --no-vignettes
r-patched-linux-x86_64 1.2.0 2.86 532.99 535.85 NOTE
r-release-linux-x86_64 1.2.0 2.58 532.12 534.70 NOTE
r-release-macos-arm64 1.2.0 194.00 NOTE
r-release-macos-x86_64 1.2.0 305.00 NOTE
r-release-windows-x86_64 1.2.0 15.00 349.00 364.00 NOTE --no-vignettes
r-oldrel-macos-arm64 1.2.0 233.00 NOTE
r-oldrel-macos-x86_64 1.2.0 312.00 NOTE
r-oldrel-windows-ix86+x86_64 1.2.0 7.00 431.00 438.00 NOTE --no-vignettes

Check Details

Version: 1.2.0
Check: Rd files
Result: NOTE
    checkRd: (-1) kink_estimator.Rd:60: Escaped LaTeX specials: \$
Flavors: r-devel-linux-x86_64-debian-clang, r-devel-linux-x86_64-debian-gcc, r-devel-linux-x86_64-fedora-clang, r-devel-linux-x86_64-fedora-gcc

Version: 1.2.0
Check: LazyData
Result: NOTE
     'LazyData' is specified without a 'data' directory
Flavors: r-devel-linux-x86_64-debian-clang, r-devel-linux-x86_64-debian-gcc, r-devel-linux-x86_64-fedora-clang, r-devel-linux-x86_64-fedora-gcc, r-patched-linux-x86_64, r-release-linux-x86_64, r-release-macos-arm64, r-release-macos-x86_64, r-oldrel-macos-arm64, r-oldrel-macos-x86_64

Version: 1.2.0
Flags: --no-vignettes
Check: Rd files
Result: NOTE
    checkRd: (-1) kink_estimator.Rd:60: Escaped LaTeX specials: \$
Flavor: r-devel-windows-x86_64

Version: 1.2.0
Flags: --no-vignettes
Check: LazyData
Result: NOTE
     'LazyData' is specified without a 'data' directory
Flavors: r-devel-windows-x86_64, r-release-windows-x86_64, r-oldrel-windows-ix86+x86_64