Last updated on 2023-11-29 11:01:29 CET.
Flavor | Version | Tinstall | Tcheck | Ttotal | Status | Flags |
---|---|---|---|---|---|---|
r-devel-linux-x86_64-debian-clang | 1.1.0 | 9.43 | 99.70 | 109.13 | OK | |
r-devel-linux-x86_64-debian-gcc | 1.1.0 | 8.06 | 73.83 | 81.89 | OK | |
r-devel-linux-x86_64-fedora-clang | 1.1.0 | 132.62 | NOTE | |||
r-devel-linux-x86_64-fedora-gcc | 1.1.0 | 147.60 | OK | |||
r-devel-windows-x86_64 | 1.1.0 | 10.00 | 99.00 | 109.00 | OK | |
r-patched-linux-x86_64 | 1.1.0 | 17.75 | 94.44 | 112.19 | OK | |
r-release-linux-x86_64 | 1.1.0 | 7.36 | 94.55 | 101.91 | OK | |
r-release-macos-arm64 | 1.1.0 | 55.00 | OK | |||
r-release-macos-x86_64 | 1.1.0 | 156.00 | OK | |||
r-release-windows-x86_64 | 1.1.0 | 12.00 | 129.00 | 141.00 | OK | |
r-oldrel-macos-arm64 | 1.1.0 | 57.00 | OK | |||
r-oldrel-macos-x86_64 | 1.0.0 | 164.00 | OK | |||
r-oldrel-windows-x86_64 | 1.1.0 | 12.00 | 119.00 | 131.00 | OK |
Version: 1.1.0
Check: Rd cross-references
Result: NOTE
Undeclared package ‘googledrive’ in Rd xrefs
Flavor: r-devel-linux-x86_64-fedora-clang