CRAN Package Check Results for Package bssm

Last updated on 2022-12-02 12:54:47 CET.

Flavor Version Tinstall Tcheck Ttotal Status Flags
r-devel-linux-x86_64-debian-clang 2.0.1 731.63 502.94 1234.57 OK
r-devel-linux-x86_64-debian-gcc 2.0.1 574.09 317.51 891.60 OK
r-devel-linux-x86_64-fedora-clang 2.0.1 1747.02 NOTE
r-devel-linux-x86_64-fedora-gcc 2.0.1 1541.28 OK
r-devel-windows-x86_64 2.0.1 549.00 531.00 1080.00 NOTE
r-patched-linux-x86_64 2.0.1 631.05 409.14 1040.19 OK
r-release-linux-x86_64 2.0.1 608.73 408.90 1017.63 OK
r-release-macos-arm64 2.0.1 379.00 NOTE
r-release-macos-x86_64 2.0.1 431.00 NOTE
r-release-windows-x86_64 2.0.1 823.00 533.00 1356.00 NOTE
r-oldrel-macos-arm64 2.0.1 298.00 NOTE
r-oldrel-macos-x86_64 2.0.1 467.00 NOTE
r-oldrel-windows-ix86+x86_64 2.0.1 1720.00 678.00 2398.00 NOTE

Check Details

Version: 2.0.1
Check: installed package size
Result: NOTE
     installed size is 7.4Mb
     sub-directories of 1Mb or more:
     data 1.1Mb
     doc 2.8Mb
     libs 2.9Mb
Flavors: r-devel-linux-x86_64-fedora-clang, r-devel-windows-x86_64, r-release-macos-arm64, r-release-macos-x86_64, r-release-windows-x86_64, r-oldrel-macos-arm64, r-oldrel-macos-x86_64, r-oldrel-windows-ix86+x86_64