Last updated on 2023-11-30 23:55:34 CET.
Flavor | Version | Tinstall | Tcheck | Ttotal | Status | Flags |
---|---|---|---|---|---|---|
r-devel-linux-x86_64-debian-clang | 2.0.2 | 784.44 | 518.13 | 1302.57 | OK | |
r-devel-linux-x86_64-debian-gcc | 2.0.2 | 524.46 | 299.74 | 824.20 | OK | |
r-devel-linux-x86_64-fedora-clang | 2.0.2 | 1808.05 | NOTE | |||
r-devel-linux-x86_64-fedora-gcc | 2.0.2 | 1758.91 | OK | |||
r-devel-windows-x86_64 | 2.0.2 | 530.00 | 450.00 | 980.00 | NOTE | |
r-patched-linux-x86_64 | 2.0.2 | 459.24 | 401.83 | 861.07 | OK | |
r-release-linux-x86_64 | 2.0.2 | 449.98 | 401.06 | 851.04 | OK | |
r-release-macos-arm64 | 2.0.2 | 348.00 | NOTE | |||
r-release-macos-x86_64 | 2.0.2 | 561.00 | NOTE | |||
r-release-windows-x86_64 | 2.0.2 | 736.00 | 483.00 | 1219.00 | NOTE | |
r-oldrel-macos-arm64 | 2.0.2 | 356.00 | NOTE | |||
r-oldrel-macos-x86_64 | 2.0.1 | 431.00 | NOTE | |||
r-oldrel-windows-x86_64 | 2.0.2 | 670.00 | 464.00 | 1134.00 | NOTE |
Version: 2.0.2
Check: installed package size
Result: NOTE
installed size is 7.1Mb
sub-directories of 1Mb or more:
data 1.1Mb
doc 2.8Mb
libs 2.6Mb
Flavors: r-devel-linux-x86_64-fedora-clang, r-devel-windows-x86_64, r-release-macos-arm64, r-release-macos-x86_64, r-release-windows-x86_64, r-oldrel-macos-arm64, r-oldrel-windows-x86_64
Version: 2.0.1
Check: installed package size
Result: NOTE
installed size is 32.1Mb
sub-directories of 1Mb or more:
data 1.1Mb
doc 2.8Mb
libs 27.6Mb
Flavor: r-oldrel-macos-x86_64