Last updated on 2022-06-26 14:49:52 CEST.
Flavor | Version | Tinstall | Tcheck | Ttotal | Status | Flags |
---|---|---|---|---|---|---|
r-devel-linux-x86_64-debian-clang | 2.1.0 | 8.36 | 83.23 | 91.59 | OK | |
r-devel-linux-x86_64-debian-gcc | 2.1.0 | 6.70 | 60.71 | 67.41 | OK | |
r-devel-linux-x86_64-fedora-clang | 2.1.0 | 117.80 | NOTE | |||
r-devel-linux-x86_64-fedora-gcc | 2.1.0 | 117.54 | OK | |||
r-devel-windows-x86_64 | 2.1.0 | 80.00 | 146.00 | 226.00 | NOTE | |
r-patched-linux-x86_64 | 2.1.0 | 18.20 | 77.27 | 95.47 | OK | |
r-release-linux-x86_64 | 2.1.0 | 8.80 | 77.66 | 86.46 | OK | |
r-release-macos-arm64 | 2.1.0 | 61.00 | NOTE | |||
r-release-macos-x86_64 | 2.1.0 | 87.00 | NOTE | |||
r-release-windows-x86_64 | 2.1.0 | 155.00 | 151.00 | 306.00 | NOTE | |
r-oldrel-macos-arm64 | 2.1.0 | 63.00 | NOTE | |||
r-oldrel-macos-x86_64 | 2.1.0 | 94.00 | NOTE | |||
r-oldrel-windows-ix86+x86_64 | 2.1.0 | 19.00 | 129.00 | 148.00 | NOTE |
Version: 2.1.0
Check: installed package size
Result: NOTE
installed size is 5.8Mb
sub-directories of 1Mb or more:
doc 2.1Mb
help 1.3Mb
Flavors: r-devel-linux-x86_64-fedora-clang, r-devel-windows-x86_64, r-release-macos-arm64, r-release-macos-x86_64, r-release-windows-x86_64, r-oldrel-macos-arm64, r-oldrel-macos-x86_64, r-oldrel-windows-ix86+x86_64