CRAN Package Check Results for Package broom

Last updated on 2022-06-29 12:54:24 CEST.

Flavor Version Tinstall Tcheck Ttotal Status Flags
r-devel-linux-x86_64-debian-clang 0.8.0 17.21 350.65 367.86 OK
r-devel-linux-x86_64-debian-gcc 0.8.0 13.63 249.14 262.77 OK
r-devel-linux-x86_64-fedora-clang 0.8.0 457.80 NOTE
r-devel-linux-x86_64-fedora-gcc 0.8.0 465.83 NOTE
r-devel-windows-x86_64 0.8.0 112.00 578.00 690.00 OK
r-patched-linux-x86_64 0.8.0 18.46 331.89 350.35 OK
r-release-linux-x86_64 0.8.0 11.22 331.94 343.16 OK
r-release-macos-arm64 0.8.0 140.00 NOTE
r-release-macos-x86_64 0.8.0 194.00 NOTE
r-release-windows-x86_64 0.8.0 95.00 573.00 668.00 OK
r-oldrel-macos-arm64 0.8.0 110.00 NOTE
r-oldrel-macos-x86_64 0.8.0 180.00 NOTE
r-oldrel-windows-ix86+x86_64 0.8.0 32.00 560.00 592.00 OK

Check Details

Version: 0.8.0
Check: dependencies in R code
Result: NOTE
    Namespace in Imports field not imported from: ‘ggplot2’
     All declared Imports should be used.
Flavors: r-devel-linux-x86_64-fedora-clang, r-devel-linux-x86_64-fedora-gcc, r-release-macos-arm64, r-release-macos-x86_64, r-oldrel-macos-arm64, r-oldrel-macos-x86_64