CRAN Package Check Results for Package broom

Last updated on 2019-03-22 16:00:48 CET.

Flavor Version Tinstall Tcheck Ttotal Status Flags
r-devel-linux-x86_64-debian-clang 0.5.1 11.41 218.81 230.22 ERROR
r-devel-linux-x86_64-debian-gcc 0.5.1 8.56 169.20 177.76 ERROR
r-devel-linux-x86_64-fedora-clang 0.5.1 302.40 ERROR
r-devel-linux-x86_64-fedora-gcc 0.5.1 284.72 ERROR
r-devel-windows-ix86+x86_64 0.5.1 30.00 313.00 343.00 OK
r-patched-linux-x86_64 0.5.1 6.42 149.92 156.34 ERROR
r-patched-solaris-x86 0.5.1 370.90 ERROR
r-release-linux-x86_64 0.5.1 7.94 148.92 156.86 ERROR
r-release-windows-ix86+x86_64 0.5.1 17.00 235.00 252.00 ERROR
r-release-osx-x86_64 0.5.1 OK
r-oldrel-windows-ix86+x86_64 0.5.1 15.00 416.00 431.00 OK
r-oldrel-osx-x86_64 0.5.1 ERROR

Check Details

Version: 0.5.1
Check: tests
Result: ERROR
     Running 'test-all.R' [30s/34s]
    Running the tests in 'tests/test-all.R' failed.
    Complete output:
     > library(testthat)
     > test_check("broom")
     Loading required package: broom
     -- 1. Error: tidy.htest/oneway.test (@test-stats-htest.R#14) ------------------
     object 'extra' not found
     1: oneway.test(extra ~ group, data = sleep) at testthat/test-stats-htest.R:14
     2: eval(m, parent.frame())
     3: eval(m, parent.frame())
     4: stats::model.frame(formula = extra ~ group, data = sleep)
     5: model.frame.default(formula = extra ~ group, data = sleep)
     6: eval(predvars, data, env)
     7: eval(predvars, data, env)
    
     == testthat results ===========================================================
     OK: 976 SKIPPED: 2 FAILED: 1
     1. Error: tidy.htest/oneway.test (@test-stats-htest.R#14)
    
     Error: testthat unit tests failed
     Execution halted
Flavor: r-devel-linux-x86_64-debian-clang

Version: 0.5.1
Check: tests
Result: ERROR
     Running ‘test-all.R’ [24s/34s]
    Running the tests in ‘tests/test-all.R’ failed.
    Complete output:
     > library(testthat)
     > test_check("broom")
     Loading required package: broom
     ── 1. Error: tidy.htest/oneway.test (@test-stats-htest.R#14) ──────────────────
     object 'extra' not found
     1: oneway.test(extra ~ group, data = sleep) at testthat/test-stats-htest.R:14
     2: eval(m, parent.frame())
     3: eval(m, parent.frame())
     4: stats::model.frame(formula = extra ~ group, data = sleep)
     5: model.frame.default(formula = extra ~ group, data = sleep)
     6: eval(predvars, data, env)
     7: eval(predvars, data, env)
    
     ══ testthat results ═══════════════════════════════════════════════════════════
     OK: 976 SKIPPED: 2 FAILED: 1
     1. Error: tidy.htest/oneway.test (@test-stats-htest.R#14)
    
     Error: testthat unit tests failed
     Execution halted
Flavor: r-devel-linux-x86_64-debian-gcc

Version: 0.5.1
Check: tests
Result: ERROR
     Running ‘test-all.R’ [39s/134s]
    Running the tests in ‘tests/test-all.R’ failed.
    Complete output:
     > library(testthat)
     > test_check("broom")
     Loading required package: broom
     ── 1. Error: tidy.htest/oneway.test (@test-stats-htest.R#14) ──────────────────
     object 'extra' not found
     1: oneway.test(extra ~ group, data = sleep) at testthat/test-stats-htest.R:14
     2: eval(m, parent.frame())
     3: eval(m, parent.frame())
     4: stats::model.frame(formula = extra ~ group, data = sleep)
     5: model.frame.default(formula = extra ~ group, data = sleep)
     6: eval(predvars, data, env)
     7: eval(predvars, data, env)
    
     ══ testthat results ═══════════════════════════════════════════════════════════
     OK: 976 SKIPPED: 2 FAILED: 1
     1. Error: tidy.htest/oneway.test (@test-stats-htest.R#14)
    
     Error: testthat unit tests failed
     Execution halted
Flavor: r-devel-linux-x86_64-fedora-clang

Version: 0.5.1
Check: tests
Result: ERROR
     Running ‘test-all.R’ [39s/123s]
    Running the tests in ‘tests/test-all.R’ failed.
    Complete output:
     > library(testthat)
     > test_check("broom")
     Loading required package: broom
     ── 1. Error: tidy.htest/oneway.test (@test-stats-htest.R#14) ──────────────────
     object 'extra' not found
     1: oneway.test(extra ~ group, data = sleep) at testthat/test-stats-htest.R:14
     2: eval(m, parent.frame())
     3: eval(m, parent.frame())
     4: stats::model.frame(formula = extra ~ group, data = sleep)
     5: model.frame.default(formula = extra ~ group, data = sleep)
     6: eval(predvars, data, env)
     7: eval(predvars, data, env)
    
     ══ testthat results ═══════════════════════════════════════════════════════════
     OK: 976 SKIPPED: 2 FAILED: 1
     1. Error: tidy.htest/oneway.test (@test-stats-htest.R#14)
    
     Error: testthat unit tests failed
     Execution halted
Flavor: r-devel-linux-x86_64-fedora-gcc

Version: 0.5.1
Check: examples
Result: ERROR
    Running examples in ‘broom-Ex.R’ failed
    The error most likely occurred in:
    
    > base::assign(".ptime", proc.time(), pos = "CheckExEnv")
    > ### Name: tidy.biglm
    > ### Title: Tidy a(n) biglm object
    > ### Aliases: tidy.biglm
    >
    > ### ** Examples
    >
    >
    > if (require("biglm", quietly = TRUE)) {
    + bfit <- biglm(mpg ~ wt + disp, mtcars)
    + tidy(bfit)
    + tidy(bfit, conf.int = TRUE)
    + tidy(bfit, conf.int = TRUE, conf.level = .9)
    +
    + glance(bfit)
    +
    + # bigglm: logistic regression
    + bgfit <- bigglm(am ~ mpg, mtcars, family = binomial())
    + tidy(bgfit)
    + tidy(bgfit, exponentiate = TRUE)
    + tidy(bgfit, conf.int = TRUE)
    + tidy(bgfit, conf.int = TRUE, conf.level = .9)
    + tidy(bgfit, conf.int = TRUE, conf.level = .9, exponentiate = TRUE)
    +
    + glance(bgfit)
    + }
    Error in UseMethod("bigglm", data) :
     no applicable method for 'bigglm' applied to an object of class "data.frame"
    Calls: bigglm -> bigglm
    Execution halted
Flavors: r-patched-linux-x86_64, r-release-linux-x86_64

Version: 0.5.1
Check: tests
Result: ERROR
     Running ‘test-all.R’ [29s/36s]
    Running the tests in ‘tests/test-all.R’ failed.
    Complete output:
     > library(testthat)
     > test_check("broom")
     Loading required package: broom
     ── 1. Error: (unknown) (@test-biglm.R#7) ──────────────────────────────────────
     no applicable method for 'bigglm' applied to an object of class "data.frame"
     1: bigglm(am ~ mpg, mtcars, family = binomial()) at testthat/test-biglm.R:7
     2: bigglm(am ~ mpg, mtcars, family = binomial())
    
     ── 2. Error: tidy.htest/oneway.test (@test-stats-htest.R#14) ──────────────────
     object 'extra' not found
     1: oneway.test(extra ~ group, data = sleep) at testthat/test-stats-htest.R:14
     2: eval(m, parent.frame())
     3: eval(m, parent.frame())
     4: stats::model.frame(formula = extra ~ group, data = sleep)
     5: model.frame.default(formula = extra ~ group, data = sleep)
     6: eval(predvars, data, env)
     7: eval(predvars, data, env)
    
     ══ testthat results ═══════════════════════════════════════════════════════════
     OK: 899 SKIPPED: 2 FAILED: 2
     1. Error: (unknown) (@test-biglm.R#7)
     2. Error: tidy.htest/oneway.test (@test-stats-htest.R#14)
    
     Error: testthat unit tests failed
     Execution halted
Flavor: r-patched-linux-x86_64

Version: 0.5.1
Check: tests
Result: ERROR
     Running ‘test-all.R’ [62s/112s]
    Running the tests in ‘tests/test-all.R’ failed.
    Complete output:
     > library(testthat)
     > test_check("broom")
     Loading required package: broom
     ── 1. Error: tidy.htest/oneway.test (@test-stats-htest.R#14) ──────────────────
     object 'extra' not found
     1: oneway.test(extra ~ group, data = sleep) at testthat/test-stats-htest.R:14
     2: eval(m, parent.frame())
     3: eval(m, parent.frame())
     4: stats::model.frame(formula = extra ~ group, data = sleep)
     5: model.frame.default(formula = extra ~ group, data = sleep)
     6: eval(predvars, data, env)
     7: eval(predvars, data, env)
    
     ══ testthat results ═══════════════════════════════════════════════════════════
     OK: 912 SKIPPED: 2 FAILED: 1
     1. Error: tidy.htest/oneway.test (@test-stats-htest.R#14)
    
     Error: testthat unit tests failed
     Execution halted
Flavor: r-patched-solaris-x86

Version: 0.5.1
Check: tests
Result: ERROR
     Running ‘test-all.R’ [28s/34s]
    Running the tests in ‘tests/test-all.R’ failed.
    Complete output:
     > library(testthat)
     > test_check("broom")
     Loading required package: broom
     ── 1. Error: (unknown) (@test-biglm.R#7) ──────────────────────────────────────
     no applicable method for 'bigglm' applied to an object of class "data.frame"
     1: bigglm(am ~ mpg, mtcars, family = binomial()) at testthat/test-biglm.R:7
     2: bigglm(am ~ mpg, mtcars, family = binomial())
    
     ── 2. Error: tidy.htest/oneway.test (@test-stats-htest.R#14) ──────────────────
     object 'extra' not found
     1: oneway.test(extra ~ group, data = sleep) at testthat/test-stats-htest.R:14
     2: eval(m, parent.frame())
     3: eval(m, parent.frame())
     4: stats::model.frame(formula = extra ~ group, data = sleep)
     5: model.frame.default(formula = extra ~ group, data = sleep)
     6: eval(predvars, data, env)
     7: eval(predvars, data, env)
    
     ══ testthat results ═══════════════════════════════════════════════════════════
     OK: 899 SKIPPED: 2 FAILED: 2
     1. Error: (unknown) (@test-biglm.R#7)
     2. Error: tidy.htest/oneway.test (@test-stats-htest.R#14)
    
     Error: testthat unit tests failed
     Execution halted
Flavor: r-release-linux-x86_64

Version: 0.5.1
Check: tests
Result: ERROR
     Running 'test-all.R' [31s]
    Running the tests in 'tests/test-all.R' failed.
    Complete output:
     > library(testthat)
     > test_check("broom")
     Loading required package: broom
     -- 1. Error: tidy.htest/oneway.test (@test-stats-htest.R#14) ------------------
     object 'extra' not found
     1: oneway.test(extra ~ group, data = sleep) at testthat/test-stats-htest.R:14
     2: eval(m, parent.frame())
     3: eval(m, parent.frame())
     4: stats::model.frame(formula = extra ~ group, data = sleep)
     5: model.frame.default(formula = extra ~ group, data = sleep)
     6: eval(predvars, data, env)
     7: eval(predvars, data, env)
    
     == testthat results ===========================================================
     OK: 912 SKIPPED: 2 FAILED: 1
     1. Error: tidy.htest/oneway.test (@test-stats-htest.R#14)
    
     Error: testthat unit tests failed
     Execution halted
Flavor: r-release-windows-ix86+x86_64

Version: 0.5.1
Check: examples
Result: ERROR
    Running examples in ‘broom-Ex.R’ failed
    The error most likely occurred in:
    
    > ### Name: tidy.garch
    > ### Title: Tidy a(n) garch object
    > ### Aliases: tidy.garch garch_tidiers
    >
    > ### ** Examples
    >
    >
    > library(tseries)
    Error: package or namespace load failed for ‘tseries’ in dyn.load(file, DLLpath = DLLpath, ...):
     unable to load shared object '/Volumes/SSD-Data/Builds/R-dev-web/QA/Simon/packages/el-capitan-x86_64/Rlib/3.4/xts/libs/xts.so':
     `maximal number of DLLs reached...
    Execution halted
Flavor: r-oldrel-osx-x86_64