CRAN Package Check Results for Package broom

Last updated on 2021-02-26 14:46:51 CET.

Flavor Version Tinstall Tcheck Ttotal Status Flags
r-devel-linux-x86_64-debian-clang 0.7.5 13.58 264.73 278.31 OK
r-devel-linux-x86_64-debian-gcc 0.7.5 10.72 192.86 203.58 OK
r-devel-linux-x86_64-fedora-clang 0.7.5 208.40 OK
r-devel-linux-x86_64-fedora-gcc 0.7.5 251.31 OK
r-devel-windows-ix86+x86_64 0.7.4 20.00 292.00 312.00 OK
r-patched-linux-x86_64 0.7.5 12.89 248.16 261.05 OK
r-patched-solaris-x86 0.7.5 446.80 OK
r-release-linux-x86_64 0.7.5 13.51 251.13 264.64 OK
r-release-macos-x86_64 0.7.5 OK
r-release-windows-ix86+x86_64 0.7.4 30.00 424.00 454.00 OK
r-oldrel-macos-x86_64 0.7.5 NOTE
r-oldrel-windows-ix86+x86_64 0.7.4 17.00 345.00 362.00 OK

Check Details

Version: 0.7.5
Check: dependencies in R code
Result: NOTE
    No protocol specified
    No protocol specified
Flavor: r-oldrel-macos-x86_64