CRAN Package Check Results for Package broom

Last updated on 2022-01-24 02:50:54 CET.

Flavor Version Tinstall Tcheck Ttotal Status Flags
r-devel-linux-x86_64-debian-clang 0.7.11 14.88 242.39 257.27 OK
r-devel-linux-x86_64-debian-gcc 0.7.11 11.32 181.48 192.80 OK
r-devel-linux-x86_64-fedora-clang 0.7.11 318.04 NOTE
r-devel-linux-x86_64-fedora-gcc 0.7.11 296.69 NOTE
r-devel-windows-x86_64-new-UL 0.7.11 195.00 428.00 623.00 OK
r-devel-windows-x86_64-new-TK 0.7.11 NOTE
r-patched-linux-x86_64 0.7.11 15.63 234.93 250.56 OK
r-release-linux-x86_64 0.7.11 11.97 235.48 247.45 OK
r-release-macos-arm64 0.7.11 NOTE
r-release-macos-x86_64 0.7.11 NOTE
r-release-windows-ix86+x86_64 0.7.11 27.00 383.00 410.00 OK
r-oldrel-macos-x86_64 0.7.10 NOTE
r-oldrel-windows-ix86+x86_64 0.7.11 27.00 395.00 422.00 OK

Check Details

Version: 0.7.11
Check: dependencies in R code
Result: NOTE
    Namespace in Imports field not imported from: ‘ggplot2’
     All declared Imports should be used.
Flavors: r-devel-linux-x86_64-fedora-clang, r-devel-linux-x86_64-fedora-gcc, r-devel-windows-x86_64-new-TK, r-release-macos-arm64, r-release-macos-x86_64

Version: 0.7.11
Check: package dependencies
Result: NOTE
    Packages suggested but not available for checking:
     'AER', 'car', 'drc', 'joineRML', 'lme4', 'mediation', 'systemfit'
Flavor: r-devel-windows-x86_64-new-TK

Version: 0.7.11
Check: Rd cross-references
Result: NOTE
    Packages unavailable to check Rd xrefs: 'drc', 'AER', 'joineRML', 'car', 'mediation', 'systemfit'
Flavor: r-devel-windows-x86_64-new-TK

Version: 0.7.10
Check: dependencies in R code
Result: NOTE
    Namespace in Imports field not imported from: ‘ggplot2’
     All declared Imports should be used.
Flavor: r-oldrel-macos-x86_64