CRAN Package Check Results for Package brickr

Last updated on 2021-06-14 00:49:14 CEST.

Flavor Version Tinstall Tcheck Ttotal Status Flags
r-devel-linux-x86_64-debian-clang 0.3.5 6.89 543.87 550.76 OK
r-devel-linux-x86_64-debian-gcc 0.3.5 5.56 405.37 410.93 OK
r-devel-linux-x86_64-fedora-clang 0.3.5 651.52 NOTE
r-devel-linux-x86_64-fedora-gcc 0.3.5 641.51 NOTE
r-devel-windows-x86_64 0.3.5 12.00 648.00 660.00 OK
r-devel-windows-x86_64-gcc10-UCRT 0.3.5 NOTE
r-patched-linux-x86_64 0.3.5 7.25 527.04 534.29 OK
r-patched-solaris-x86 0.3.5 787.20 NOTE
r-release-linux-x86_64 0.3.5 5.95 533.96 539.91 OK
r-release-macos-arm64 0.3.5 NOTE
r-release-macos-x86_64 0.3.5 NOTE
r-release-windows-ix86+x86_64 0.3.5 14.00 628.00 642.00 OK
r-oldrel-macos-x86_64 0.3.5 NOTE
r-oldrel-windows-ix86+x86_64 0.3.5 16.00 685.00 701.00 OK

Check Details

Version: 0.3.5
Check: dependencies in R code
Result: NOTE
    Namespace in Imports field not imported from: ‘scales’
     All declared Imports should be used.
Flavors: r-devel-linux-x86_64-fedora-clang, r-devel-linux-x86_64-fedora-gcc, r-devel-windows-x86_64-gcc10-UCRT, r-patched-solaris-x86, r-release-macos-arm64, r-release-macos-x86_64, r-oldrel-macos-x86_64