Last updated on 2023-12-04 20:09:52 CET.
Flavor | Version | Tinstall | Tcheck | Ttotal | Status | Flags |
---|---|---|---|---|---|---|
r-devel-linux-x86_64-debian-clang | 0.8.6 | 16.64 | 215.04 | 231.68 | NOTE | |
r-devel-linux-x86_64-debian-gcc | 0.8.6 | 11.46 | 162.05 | 173.51 | NOTE | |
r-devel-linux-x86_64-fedora-clang | 0.8.6 | 295.99 | NOTE | |||
r-devel-linux-x86_64-fedora-gcc | 0.8.6 | 284.70 | OK | |||
r-devel-windows-x86_64 | 0.8.6 | 13.00 | 174.00 | 187.00 | OK | |
r-patched-linux-x86_64 | 0.8.6 | 8.84 | 207.49 | 216.33 | OK | |
r-release-linux-x86_64 | 0.8.6 | 8.95 | 209.52 | 218.47 | OK | |
r-release-macos-arm64 | 0.8.6 | 89.00 | OK | |||
r-release-macos-x86_64 | 0.8.6 | 141.00 | NOTE | |||
r-release-windows-x86_64 | 0.8.6 | 17.00 | 218.00 | 235.00 | OK | |
r-oldrel-macos-arm64 | 0.8.6 | 76.00 | OK | |||
r-oldrel-macos-x86_64 | 0.8.6 | 116.00 | OK | |||
r-oldrel-windows-x86_64 | 0.8.6 | 17.00 | 221.00 | 238.00 | OK |
Version: 0.8.6
Check: Rd files
Result: NOTE
checkRd: (-1) t50_bluck_coward.Rd:15: Lost braces; missing escapes or markup?
15 | Time where value is 1/2 of the maximum, i.e. t_{50} or t_{1/2} in minutes;
| ^
checkRd: (-1) t50_bluck_coward.Rd:15: Lost braces; missing escapes or markup?
15 | Time where value is 1/2 of the maximum, i.e. t_{50} or t_{1/2} in minutes;
| ^
checkRd: (-1) t50_bluck_coward.Rd:16: Lost braces; missing escapes or markup?
16 | in the publication by Bluck et al, the parameter is called t_{1/2(in)}.
| ^
Flavors: r-devel-linux-x86_64-debian-clang, r-devel-linux-x86_64-debian-gcc
Version: 0.8.6
Check: Rd cross-references
Result: NOTE
Undeclared package ‘generics’ in Rd xrefs
Flavor: r-devel-linux-x86_64-fedora-clang
Version: 0.8.6
Check: package dependencies
Result: NOTE
Package suggested but not available for checking: ‘breathteststan’
Flavor: r-release-macos-x86_64
Version: 0.8.6
Check: Rd cross-references
Result: NOTE
Package unavailable to check Rd xrefs: ‘breathteststan’
Flavor: r-release-macos-x86_64