CRAN Package Check Results for Package breathtestcore

Last updated on 2022-11-28 04:54:36 CET.

Flavor Version Tinstall Tcheck Ttotal Status Flags
r-devel-linux-x86_64-debian-clang 0.8.4 15.96 224.41 240.37 OK
r-devel-linux-x86_64-debian-gcc 0.8.4 10.84 167.88 178.72 OK
r-devel-linux-x86_64-fedora-clang 0.8.4 304.98 NOTE
r-devel-linux-x86_64-fedora-gcc 0.8.4 287.68 OK
r-devel-windows-x86_64 0.8.4 85.00 265.00 350.00 OK
r-patched-linux-x86_64 0.8.4 8.76 211.39 220.15 OK
r-release-linux-x86_64 0.8.4 9.37 202.36 211.73 OK
r-release-macos-arm64 0.8.4 86.00 OK
r-release-macos-x86_64 0.8.4 172.00 OK
r-release-windows-x86_64 0.8.4 95.00 260.00 355.00 OK
r-oldrel-macos-arm64 0.8.4 82.00 OK
r-oldrel-macos-x86_64 0.8.4 116.00 OK
r-oldrel-windows-ix86+x86_64 0.8.4 35.00 250.00 285.00 OK

Check Details

Version: 0.8.4
Check: Rd cross-references
Result: NOTE
    Undeclared package ‘generics’ in Rd xrefs
Flavor: r-devel-linux-x86_64-fedora-clang