CRAN Package Check Results for Package brainwaver

Last updated on 2019-02-24 03:52:36 CET.

Flavor Version Tinstall Tcheck Ttotal Status Flags
r-devel-linux-x86_64-debian-clang 1.6 3.47 30.99 34.46 NOTE
r-devel-linux-x86_64-debian-gcc 1.6 2.54 24.21 26.75 NOTE
r-devel-linux-x86_64-fedora-clang 1.6 41.03 NOTE
r-devel-linux-x86_64-fedora-gcc 1.6 39.33 NOTE
r-devel-windows-ix86+x86_64 1.6 12.00 52.00 64.00 NOTE
r-patched-linux-x86_64 1.6 2.96 27.86 30.82 NOTE
r-patched-solaris-x86 1.6 52.60 NOTE
r-release-linux-x86_64 1.6 3.25 28.19 31.44 NOTE
r-release-windows-ix86+x86_64 1.6 9.00 47.00 56.00 NOTE
r-release-osx-x86_64 1.6 NOTE
r-oldrel-windows-ix86+x86_64 1.6 6.00 45.00 51.00 NOTE
r-oldrel-osx-x86_64 1.6 NOTE

Check Details

Version: 1.6
Check: DESCRIPTION meta-information
Result: NOTE
    Malformed Title field: should not end in a period.
Flavors: r-devel-linux-x86_64-debian-clang, r-devel-linux-x86_64-debian-gcc, r-devel-linux-x86_64-fedora-clang, r-devel-linux-x86_64-fedora-gcc, r-devel-windows-ix86+x86_64, r-patched-linux-x86_64, r-patched-solaris-x86, r-release-linux-x86_64, r-release-windows-ix86+x86_64, r-release-osx-x86_64, r-oldrel-windows-ix86+x86_64, r-oldrel-osx-x86_64

Version: 1.6
Check: dependencies in R code
Result: NOTE
    Package in Depends field not imported from: ‘waveslim’
     These packages need to be imported from (in the NAMESPACE file)
     for when this namespace is loaded but not attached.
Flavors: r-devel-linux-x86_64-debian-clang, r-devel-linux-x86_64-debian-gcc, r-devel-linux-x86_64-fedora-clang, r-devel-linux-x86_64-fedora-gcc, r-devel-windows-ix86+x86_64, r-patched-linux-x86_64, r-patched-solaris-x86, r-release-linux-x86_64, r-release-windows-ix86+x86_64, r-release-osx-x86_64, r-oldrel-windows-ix86+x86_64, r-oldrel-osx-x86_64

Version: 1.6
Check: R code for possible problems
Result: NOTE
    NB: .First.lib is obsolete and will not be used in R >= 3.0.0
    
    const.cor.list: no visible global function definition for
     ‘wave.correlation’
    const.var.list: no visible global function definition for
     ‘wave.variance’
    fitting: no visible global function definition for ‘hist’
    fitting: no visible global function definition for ‘nlm’
    fitting: no visible global function definition for ‘write.table’
    p.value.compute: no visible global function definition for ‘pnorm’
    p.value.compute: no visible global function definition for ‘pt’
    random.attack: no visible global function definition for ‘runif’
    read.convert_1_2: no visible global function definition for
     ‘read.table’
    read.cor.txt: no visible global function definition for ‘read.table’
    read.var.txt: no visible global function definition for ‘read.table’
    save.cor.txt: no visible global function definition for ‘write.table’
    save.var.txt: no visible global function definition for ‘write.table’
    sim.equadist: no visible global function definition for ‘write.table’
    small.world: no visible global function definition for ‘dist’
    small.world: no visible global function definition for ‘write.table’
    wave.trans: no visible global function definition for ‘dwt’
    wave.trans: no visible global function definition for ‘modwt’
    wave.trans: no visible global function definition for ‘brick.wall’
    Undefined global functions or variables:
     brick.wall dist dwt hist modwt nlm pnorm pt read.table runif
     wave.correlation wave.variance write.table
    Consider adding
     importFrom("graphics", "hist")
     importFrom("stats", "dist", "nlm", "pnorm", "pt", "runif")
     importFrom("utils", "read.table", "write.table")
    to your NAMESPACE file.
Flavors: r-devel-linux-x86_64-debian-clang, r-devel-linux-x86_64-debian-gcc, r-devel-linux-x86_64-fedora-clang, r-devel-linux-x86_64-fedora-gcc, r-devel-windows-ix86+x86_64, r-patched-linux-x86_64, r-patched-solaris-x86, r-release-linux-x86_64, r-release-windows-ix86+x86_64, r-release-osx-x86_64, r-oldrel-windows-ix86+x86_64, r-oldrel-osx-x86_64

Version: 1.6
Check: compiled code
Result: NOTE
    File ‘brainwaver/libs/brainwaver.so’:
     Found ‘rand’, possibly from ‘rand’ (C)
     Object: ‘connexity_small_world.o’
    
    Compiled code should not call entry points which might terminate R nor
    write to stdout/stderr instead of to the console, nor use Fortran I/O
    nor system RNGs.
    
    See ‘Writing portable packages’ in the ‘Writing R Extensions’ manual.
Flavors: r-devel-linux-x86_64-debian-clang, r-devel-linux-x86_64-debian-gcc, r-patched-linux-x86_64, r-patched-solaris-x86, r-release-linux-x86_64

Version: 1.6
Check: compiled code
Result: NOTE
    File ‘brainwaver/libs/brainwaver.so’:
     Found ‘rand’, possibly from ‘rand’ (C)
     Object: ‘connexity_small_world.o’
    File ‘brainwaver/libs/brainwaver.so’:
     Found no calls to: ‘R_registerRoutines’, ‘R_useDynamicSymbols’
    
    Compiled code should not call entry points which might terminate R nor
    write to stdout/stderr instead of to the console, nor use Fortran I/O
    nor system RNGs.
    It is good practice to register native routines and to disable symbol
    search.
    
    See ‘Writing portable packages’ in the ‘Writing R Extensions’ manual.
Flavors: r-devel-linux-x86_64-fedora-clang, r-devel-linux-x86_64-fedora-gcc

Version: 1.6
Check: compiled code
Result: NOTE
    File 'brainwaver/libs/i386/brainwaver.dll':
     Found 'rand', possibly from 'rand' (C)
     Object: 'connexity_small_world.o'
    File 'brainwaver/libs/x64/brainwaver.dll':
     Found 'rand', possibly from 'rand' (C)
     Object: 'connexity_small_world.o'
    
    Compiled code should not call entry points which might terminate R nor
    write to stdout/stderr instead of to the console, nor use Fortran I/O
    nor system RNGs.
    
    See 'Writing portable packages' in the 'Writing R Extensions' manual.
Flavors: r-devel-windows-ix86+x86_64, r-release-windows-ix86+x86_64, r-oldrel-windows-ix86+x86_64

Version: 1.6
Check: compiled code
Result: NOTE
    File ‘brainwaver/libs/brainwaver.so’:
     Found ‘_rand’, possibly from ‘rand’ (C)
     Object: ‘connexity_small_world.o’
    
    Compiled code should not call entry points which might terminate R nor
    write to stdout/stderr instead of to the console, nor use Fortran I/O
    nor system RNGs.
    
    See ‘Writing portable packages’ in the ‘Writing R Extensions’ manual.
Flavor: r-release-osx-x86_64

Version: 1.6
Check: compiled code
Result: NOTE
    File ‘brainwaver/libs/brainwaver.so’:
     Found ‘_rand’, possibly from ‘rand’ (C)
     Object: ‘connexity_small_world.o’
    
    Compiled code should not call entry points which might terminate R nor
    write to stdout/stderr instead of to the console, nor the system RNG.
    
    See ‘Writing portable packages’ in the ‘Writing R Extensions’ manual.
Flavor: r-oldrel-osx-x86_64