Last updated on 2025-01-21 22:50:57 CET.
Flavor | Version | Tinstall | Tcheck | Ttotal | Status | Flags |
---|---|---|---|---|---|---|
r-devel-linux-x86_64-debian-clang | 2.0.3 | 58.51 | 65.88 | 124.39 | OK | |
r-devel-linux-x86_64-debian-gcc | 2.0.3 | 42.87 | 44.32 | 87.19 | OK | |
r-devel-linux-x86_64-fedora-clang | 2.0.3 | 221.62 | OK | |||
r-devel-linux-x86_64-fedora-gcc | 2.0.3 | 237.00 | OK | |||
r-devel-windows-x86_64 | 2.0.3 | 61.00 | 106.00 | 167.00 | OK | |
r-patched-linux-x86_64 | 2.0.3 | 63.64 | 57.47 | 121.11 | OK | |
r-release-linux-x86_64 | 2.0.3 | 57.24 | 57.46 | 114.70 | OK | |
r-release-macos-arm64 | 2.0.3 | 58.00 | OK | |||
r-release-macos-x86_64 | 2.0.3 | 93.00 | NOTE | |||
r-release-windows-x86_64 | 2.0.3 | 57.00 | 110.00 | 167.00 | OK | |
r-oldrel-macos-arm64 | 2.0.3 | 66.00 | OK | |||
r-oldrel-macos-x86_64 | 2.0.3 | 93.00 | NOTE | |||
r-oldrel-windows-x86_64 | 2.0.3 | 75.00 | 124.00 | 199.00 | OK |
Version: 2.0.3
Check: installed package size
Result: NOTE
installed size is 5.1Mb
sub-directories of 1Mb or more:
libs 4.6Mb
Flavors: r-release-macos-x86_64, r-oldrel-macos-x86_64