CRAN Package Check Results for Package bpnreg

Last updated on 2022-06-29 01:50:16 CEST.

Flavor Version Tinstall Tcheck Ttotal Status Flags
r-devel-linux-x86_64-debian-clang 2.0.2 92.37 75.45 167.82 OK
r-devel-linux-x86_64-debian-gcc 2.0.2 71.20 54.77 125.97 OK
r-devel-linux-x86_64-fedora-clang 2.0.2 238.54 OK
r-devel-linux-x86_64-fedora-gcc 2.0.2 214.61 OK
r-devel-windows-x86_64 2.0.2 84.00 128.00 212.00 OK
r-patched-linux-x86_64 2.0.2 56.23 69.69 125.92 OK
r-release-linux-x86_64 2.0.2 52.47 69.56 122.03 OK
r-release-macos-arm64 2.0.2 53.00 NOTE
r-release-macos-x86_64 2.0.2 93.00 NOTE
r-release-windows-x86_64 2.0.2 90.00 130.00 220.00 OK
r-oldrel-macos-arm64 2.0.2 58.00 NOTE
r-oldrel-macos-x86_64 2.0.2 74.00 NOTE
r-oldrel-windows-ix86+x86_64 2.0.2 233.00 124.00 357.00 OK

Check Details

Version: 2.0.2
Check: installed package size
Result: NOTE
     installed size is 5.1Mb
     sub-directories of 1Mb or more:
     libs 4.7Mb
Flavors: r-release-macos-arm64, r-release-macos-x86_64, r-oldrel-macos-arm64, r-oldrel-macos-x86_64