Last updated on 2021-03-09 05:47:01 CET.
Flavor | Version | Tinstall | Tcheck | Ttotal | Status | Flags |
---|---|---|---|---|---|---|
r-devel-linux-x86_64-debian-clang | 1.0.0 | 236.60 | 121.66 | 358.26 | NOTE | |
r-devel-linux-x86_64-debian-gcc | 1.0.0 | 195.10 | 100.18 | 295.28 | NOTE | |
r-devel-linux-x86_64-fedora-clang | 1.0.0 | 505.46 | NOTE | |||
r-devel-linux-x86_64-fedora-gcc | 1.0.0 | 511.70 | NOTE | |||
r-devel-windows-ix86+x86_64 | 1.0.0 | 526.00 | 191.00 | 717.00 | NOTE | |
r-devel-windows-x86_64-gcc10-UCRT | 1.0.0 | ERROR | ||||
r-patched-linux-x86_64 | 1.0.0 | 229.28 | 125.34 | 354.62 | NOTE | |
r-patched-solaris-x86 | 1.0.0 | 506.40 | NOTE | |||
r-release-linux-x86_64 | 1.0.0 | 222.45 | 126.94 | 349.39 | NOTE | |
r-release-macos-x86_64 | 1.0.0 | NOTE | ||||
r-release-windows-ix86+x86_64 | 1.0.0 | 368.00 | 204.00 | 572.00 | NOTE | |
r-oldrel-macos-x86_64 | 1.0.0 | ERROR |
Version: 1.0.0
Check: for GNU extensions in Makefiles
Result: NOTE
GNU make is a SystemRequirements.
Flavors: r-devel-linux-x86_64-debian-clang, r-devel-linux-x86_64-debian-gcc, r-devel-linux-x86_64-fedora-clang, r-devel-linux-x86_64-fedora-gcc, r-devel-windows-ix86+x86_64, r-patched-linux-x86_64, r-patched-solaris-x86, r-release-linux-x86_64, r-release-macos-x86_64, r-release-windows-ix86+x86_64
Version: 1.0.0
Check: installed package size
Result: NOTE
installed size is 46.8Mb
sub-directories of 1Mb or more:
libs 46.0Mb
Flavors: r-devel-linux-x86_64-fedora-clang, r-devel-windows-ix86+x86_64, r-release-macos-x86_64, r-release-windows-ix86+x86_64
Version: 1.0.0
Check: data for non-ASCII characters
Result: NOTE
Note: found 1448 marked UTF-8 strings
Flavors: r-devel-linux-x86_64-fedora-clang, r-devel-linux-x86_64-fedora-gcc, r-patched-solaris-x86, r-release-macos-x86_64
Version: 1.0.0
Check: package dependencies
Result: ERROR
Packages required but not available: 'rstan', 'shinystan'
See section 'The DESCRIPTION file' in the 'Writing R Extensions'
manual.
Flavor: r-devel-windows-x86_64-gcc10-UCRT
Version: 1.0.0
Check: whether package can be installed
Result: ERROR
Installation failed.
Flavor: r-oldrel-macos-x86_64