CRAN Package Check Results for Package box

Last updated on 2021-04-16 00:47:08 CEST.

Flavor Version Tinstall Tcheck Ttotal Status Flags
r-devel-linux-x86_64-debian-clang 1.0.1 5.09 45.39 50.48 ERROR
r-devel-linux-x86_64-debian-gcc 1.0.1 3.63 34.74 38.37 ERROR
r-devel-linux-x86_64-fedora-clang 1.0.1 68.66 ERROR
r-devel-linux-x86_64-fedora-gcc 1.0.1 59.35 ERROR
r-devel-windows-ix86+x86_64 1.0.1 11.00 82.00 93.00 ERROR
r-devel-windows-x86_64-gcc10-UCRT 1.0.1 ERROR
r-patched-linux-x86_64 1.0.1 4.88 43.04 47.92 ERROR
r-patched-solaris-x86 1.0.1 75.40 ERROR
r-release-linux-x86_64 1.0.1 4.82 43.52 48.34 ERROR
r-release-macos-x86_64 1.0.1 OK
r-release-windows-ix86+x86_64 1.0.1 11.00 81.00 92.00 ERROR
r-oldrel-macos-x86_64 1.0.1 OK
r-oldrel-windows-ix86+x86_64 1.0.1 12.00 55.00 67.00 ERROR

Check Details

Version: 1.0.1
Check: LazyData
Result: NOTE
     'LazyData' is specified without a 'data' directory
Flavors: r-devel-linux-x86_64-debian-clang, r-devel-linux-x86_64-debian-gcc, r-devel-linux-x86_64-fedora-clang, r-devel-linux-x86_64-fedora-gcc, r-devel-windows-ix86+x86_64, r-devel-windows-x86_64-gcc10-UCRT

Version: 1.0.1
Check: tests
Result: ERROR
     Running 'testthat.R' [8s/9s]
    Running the tests in 'tests/testthat.R' failed.
    Complete output:
     > # Needed for subshells openend in tests, and does no harm otherwise.
     > # See <https://github.com/hadley/testthat/issues/144> for details.
     > Sys.setenv(R_TESTS = '')
     > testthat::test_check('box')
     Loading required package: box
    
     Attaching package: 'box'
    
     The following object is masked from 'package:utils':
    
     help
    
     The following object is masked from 'package:base':
    
     file
    
     == Skipped tests ===============================================================
     * Only run on Windows (1)
     * Outside source code repository (3)
    
     == Failed tests ================================================================
     -- Failure (test-pkg.r:143:5): only exported things can be attached ------------
     "indent" is not in ls(getNamespace("devtools")).
    
     [ FAIL 1 | WARN 0 | SKIP 4 | PASS 455 ]
     Error: Test failures
     Execution halted
Flavor: r-devel-linux-x86_64-debian-clang

Version: 1.0.1
Check: tests
Result: ERROR
     Running ‘testthat.R’ [5s/7s]
    Running the tests in ‘tests/testthat.R’ failed.
    Complete output:
     > # Needed for subshells openend in tests, and does no harm otherwise.
     > # See <https://github.com/hadley/testthat/issues/144> for details.
     > Sys.setenv(R_TESTS = '')
     > testthat::test_check('box')
     Loading required package: box
    
     Attaching package: 'box'
    
     The following object is masked from 'package:utils':
    
     help
    
     The following object is masked from 'package:base':
    
     file
    
     ══ Skipped tests ═══════════════════════════════════════════════════════════════
     ● Only run on Windows (1)
     ● Outside source code repository (3)
    
     ══ Failed tests ════════════════════════════════════════════════════════════════
     ── Failure (test-pkg.r:143:5): only exported things can be attached ────────────
     "indent" is not in ls(getNamespace("devtools")).
    
     [ FAIL 1 | WARN 0 | SKIP 4 | PASS 455 ]
     Error: Test failures
     Execution halted
Flavor: r-devel-linux-x86_64-debian-gcc

Version: 1.0.1
Check: tests
Result: ERROR
     Running ‘testthat.R’ [8s/10s]
    Running the tests in ‘tests/testthat.R’ failed.
    Complete output:
     > # Needed for subshells openend in tests, and does no harm otherwise.
     > # See <https://github.com/hadley/testthat/issues/144> for details.
     > Sys.setenv(R_TESTS = '')
     > testthat::test_check('box')
     Loading required package: box
    
     Attaching package: 'box'
    
     The following object is masked from 'package:utils':
    
     help
    
     The following object is masked from 'package:base':
    
     file
    
     ══ Skipped tests ═══════════════════════════════════════════════════════════════
     ● Only run on Windows (1)
     ● Outside source code repository (3)
    
     ══ Failed tests ════════════════════════════════════════════════════════════════
     ── Failure (test-pkg.r:143:5): only exported things can be attached ────────────
     "indent" is not in ls(getNamespace("devtools")).
    
     [ FAIL 1 | WARN 0 | SKIP 4 | PASS 455 ]
     Error: Test failures
     Execution halted
Flavor: r-devel-linux-x86_64-fedora-clang

Version: 1.0.1
Check: tests
Result: ERROR
     Running ‘testthat.R’
    Running the tests in ‘tests/testthat.R’ failed.
    Complete output:
     > # Needed for subshells openend in tests, and does no harm otherwise.
     > # See <https://github.com/hadley/testthat/issues/144> for details.
     > Sys.setenv(R_TESTS = '')
     > testthat::test_check('box')
     Loading required package: box
    
     Attaching package: 'box'
    
     The following object is masked from 'package:utils':
    
     help
    
     The following object is masked from 'package:base':
    
     file
    
     ══ Skipped tests ═══════════════════════════════════════════════════════════════
     ● Only run on Windows (1)
     ● Outside source code repository (3)
    
     ══ Failed tests ════════════════════════════════════════════════════════════════
     ── Failure (test-pkg.r:143:5): only exported things can be attached ────────────
     "indent" is not in ls(getNamespace("devtools")).
    
     [ FAIL 1 | WARN 0 | SKIP 4 | PASS 455 ]
     Error: Test failures
     Execution halted
Flavor: r-devel-linux-x86_64-fedora-gcc

Version: 1.0.1
Check: running tests for arch ‘i386’
Result: ERROR
     Running 'testthat.R' [8s]
    Running the tests in 'tests/testthat.R' failed.
    Complete output:
     > # Needed for subshells openend in tests, and does no harm otherwise.
     > # See <https://github.com/hadley/testthat/issues/144> for details.
     > Sys.setenv(R_TESTS = '')
     > testthat::test_check('box')
     Loading required package: box
    
     Attaching package: 'box'
    
     The following object is masked from 'package:utils':
    
     help
    
     The following object is masked from 'package:base':
    
     file
    
     == Skipped tests ===============================================================
     * On Windows (1)
     * Outside source code repository (3)
     * empty test (1)
    
     == Failed tests ================================================================
     -- Failure (test-pkg.r:143:5): only exported things can be attached ------------
     "indent" is not in ls(getNamespace("devtools")).
    
     [ FAIL 1 | WARN 0 | SKIP 5 | PASS 452 ]
     Error: Test failures
     Execution halted
Flavors: r-devel-windows-ix86+x86_64, r-release-windows-ix86+x86_64

Version: 1.0.1
Check: running tests for arch ‘x64’
Result: ERROR
     Running 'testthat.R' [9s]
    Running the tests in 'tests/testthat.R' failed.
    Complete output:
     > # Needed for subshells openend in tests, and does no harm otherwise.
     > # See <https://github.com/hadley/testthat/issues/144> for details.
     > Sys.setenv(R_TESTS = '')
     > testthat::test_check('box')
     Loading required package: box
    
     Attaching package: 'box'
    
     The following object is masked from 'package:utils':
    
     help
    
     The following object is masked from 'package:base':
    
     file
    
     == Skipped tests ===============================================================
     * On Windows (1)
     * Outside source code repository (3)
     * empty test (1)
    
     == Failed tests ================================================================
     -- Failure (test-pkg.r:143:5): only exported things can be attached ------------
     "indent" is not in ls(getNamespace("devtools")).
    
     [ FAIL 1 | WARN 0 | SKIP 5 | PASS 452 ]
     Error: Test failures
     Execution halted
Flavors: r-devel-windows-ix86+x86_64, r-release-windows-ix86+x86_64

Version: 1.0.1
Check: tests
Result: ERROR
     Running 'testthat.R'
    Running the tests in 'tests/testthat.R' failed.
    Last 13 lines of output:
    
     file
    
     == Skipped tests ===============================================================
     * On Windows (1)
     * Outside source code repository (3)
     * empty test (1)
    
     == Failed tests ================================================================
     -- Failure (test-pkg.r:143:5): only exported things can be attached ------------
     "indent" is not in ls(getNamespace("devtools")).
    
     [ FAIL 1 | WARN 0 | SKIP 5 | PASS 452 ]
     Error: Test failures
     Execution halted
Flavor: r-devel-windows-x86_64-gcc10-UCRT

Version: 1.0.1
Check: tests
Result: ERROR
     Running ‘testthat.R’ [7s/8s]
    Running the tests in ‘tests/testthat.R’ failed.
    Complete output:
     > # Needed for subshells openend in tests, and does no harm otherwise.
     > # See <https://github.com/hadley/testthat/issues/144> for details.
     > Sys.setenv(R_TESTS = '')
     > testthat::test_check('box')
     Loading required package: box
    
     Attaching package: 'box'
    
     The following object is masked from 'package:utils':
    
     help
    
     The following object is masked from 'package:base':
    
     file
    
     ══ Skipped tests ═══════════════════════════════════════════════════════════════
     ● Only run on Windows (1)
     ● Outside source code repository (3)
    
     ══ Failed tests ════════════════════════════════════════════════════════════════
     ── Failure (test-pkg.r:143:5): only exported things can be attached ────────────
     "indent" is not in ls(getNamespace("devtools")).
    
     [ FAIL 1 | WARN 0 | SKIP 4 | PASS 455 ]
     Error: Test failures
     Execution halted
Flavors: r-patched-linux-x86_64, r-release-linux-x86_64

Version: 1.0.1
Check: tests
Result: ERROR
     Running ‘testthat.R’ [11s/11s]
    Running the tests in ‘tests/testthat.R’ failed.
    Complete output:
     > # Needed for subshells openend in tests, and does no harm otherwise.
     > # See <https://github.com/hadley/testthat/issues/144> for details.
     > Sys.setenv(R_TESTS = '')
     > testthat::test_check('box')
     Loading required package: box
    
     Attaching package: 'box'
    
     The following object is masked from 'package:utils':
    
     help
    
     The following object is masked from 'package:base':
    
     file
    
     ══ Skipped tests ═══════════════════════════════════════════════════════════════
     ● Only run on Windows (1)
     ● Outside source code repository (3)
    
     ══ Failed tests ════════════════════════════════════════════════════════════════
     ── Failure (test-pkg.r:143:5): only exported things can be attached ────────────
     "indent" is not in ls(getNamespace("devtools")).
    
     [ FAIL 1 | WARN 0 | SKIP 4 | PASS 455 ]
     Error: Test failures
     Execution halted
Flavor: r-patched-solaris-x86

Version: 1.0.1
Check: running tests for arch ‘i386’
Result: ERROR
     Running 'testthat.R' [5s]
    Running the tests in 'tests/testthat.R' failed.
    Complete output:
     > # Needed for subshells openend in tests, and does no harm otherwise.
     > # See <https://github.com/hadley/testthat/issues/144> for details.
     > Sys.setenv(R_TESTS = '')
     > testthat::test_check('box')
     Loading required package: box
    
     Attaching package: 'box'
    
     The following object is masked from 'package:utils':
    
     help
    
     The following object is masked from 'package:base':
    
     file
    
     == Skipped tests ===============================================================
     * On Windows (1)
     * Outside source code repository (3)
     * empty test (1)
    
     == Failed tests ================================================================
     -- Failure (test-pkg.r:143:5): only exported things can be attached ------------
     "indent" is not in ls(getNamespace("devtools")).
    
     [ FAIL 1 | WARN 0 | SKIP 5 | PASS 452 ]
     Error: Test failures
     Execution halted
Flavor: r-oldrel-windows-ix86+x86_64

Version: 1.0.1
Check: running tests for arch ‘x64’
Result: ERROR
     Running 'testthat.R' [6s]
    Running the tests in 'tests/testthat.R' failed.
    Complete output:
     > # Needed for subshells openend in tests, and does no harm otherwise.
     > # See <https://github.com/hadley/testthat/issues/144> for details.
     > Sys.setenv(R_TESTS = '')
     > testthat::test_check('box')
     Loading required package: box
    
     Attaching package: 'box'
    
     The following object is masked from 'package:utils':
    
     help
    
     The following object is masked from 'package:base':
    
     file
    
     == Skipped tests ===============================================================
     * On Windows (1)
     * Outside source code repository (3)
     * empty test (1)
    
     == Failed tests ================================================================
     -- Failure (test-pkg.r:143:5): only exported things can be attached ------------
     "indent" is not in ls(getNamespace("devtools")).
    
     [ FAIL 1 | WARN 0 | SKIP 5 | PASS 452 ]
     Error: Test failures
     Execution halted
Flavor: r-oldrel-windows-ix86+x86_64