CRAN Package Check Results for Package boottol

Last updated on 2019-08-24 08:49:46 CEST.

Flavor Version Tinstall Tcheck Ttotal Status Flags
r-devel-linux-x86_64-debian-clang 2.0 2.37 28.57 30.94 NOTE
r-devel-linux-x86_64-debian-gcc 2.0 2.11 23.24 25.35 NOTE
r-devel-linux-x86_64-fedora-clang 2.0 39.42 NOTE
r-devel-linux-x86_64-fedora-gcc 2.0 36.54 NOTE
r-devel-windows-ix86+x86_64 2.0 6.00 40.00 46.00 NOTE
r-patched-linux-x86_64 2.0 1.76 28.50 30.26 NOTE
r-patched-solaris-x86 2.0 56.90 NOTE
r-release-linux-x86_64 2.0 2.01 28.69 30.70 NOTE
r-release-windows-ix86+x86_64 2.0 10.00 65.00 75.00 NOTE
r-release-osx-x86_64 2.0 NOTE
r-oldrel-windows-ix86+x86_64 2.0 5.00 64.00 69.00 NOTE
r-oldrel-osx-x86_64 2.0 NOTE

Check Details

Version: 2.0
Check: R code for possible problems
Result: NOTE
    boottol: no visible global function definition for 'setNames'
    boottol : shift: no visible global function definition for 'tail'
    boottol : shift: no visible global function definition for 'head'
    boottol: no visible global function definition for 'na.omit'
    vastol: no visible global function definition for 'setNames'
    vastol: no visible global function definition for 'na.omit'
    Undefined global functions or variables:
     head na.omit setNames tail
    Consider adding
     importFrom("stats", "na.omit", "setNames")
     importFrom("utils", "head", "tail")
    to your NAMESPACE file.
Flavors: r-devel-linux-x86_64-debian-clang, r-devel-linux-x86_64-debian-gcc, r-devel-linux-x86_64-fedora-clang, r-devel-linux-x86_64-fedora-gcc, r-devel-windows-ix86+x86_64, r-patched-linux-x86_64, r-patched-solaris-x86, r-release-linux-x86_64, r-release-windows-ix86+x86_64, r-release-osx-x86_64, r-oldrel-windows-ix86+x86_64, r-oldrel-osx-x86_64