CRAN Package Check Results for Package boottol

Last updated on 2019-04-25 15:53:49 CEST.

Flavor Version Tinstall Tcheck Ttotal Status Flags
r-devel-linux-x86_64-debian-clang 2.0 2.34 29.14 31.48 NOTE
r-devel-linux-x86_64-debian-gcc 2.0 1.78 23.21 24.99 NOTE
r-devel-linux-x86_64-fedora-clang 2.0 36.98 NOTE
r-devel-linux-x86_64-fedora-gcc 2.0 35.71 NOTE
r-devel-windows-ix86+x86_64 2.0 6.00 55.00 61.00 NOTE
r-patched-linux-x86_64 2.0 1.96 28.55 30.51 NOTE
r-patched-solaris-x86 2.0 57.10 NOTE
r-release-linux-x86_64 2.0 1.56 26.99 28.55 NOTE
r-release-windows-ix86+x86_64 2.0 2.00 57.00 59.00 NOTE
r-release-osx-x86_64 2.0 NOTE
r-oldrel-windows-ix86+x86_64 2.0 3.00 54.00 57.00 NOTE
r-oldrel-osx-x86_64 2.0 NOTE

Check Details

Version: 2.0
Check: R code for possible problems
Result: NOTE
    boottol: no visible global function definition for 'setNames'
    boottol : shift: no visible global function definition for 'tail'
    boottol : shift: no visible global function definition for 'head'
    boottol: no visible global function definition for 'na.omit'
    vastol: no visible global function definition for 'setNames'
    vastol: no visible global function definition for 'na.omit'
    Undefined global functions or variables:
     head na.omit setNames tail
    Consider adding
     importFrom("stats", "na.omit", "setNames")
     importFrom("utils", "head", "tail")
    to your NAMESPACE file.
Flavors: r-devel-linux-x86_64-debian-clang, r-devel-linux-x86_64-debian-gcc, r-devel-linux-x86_64-fedora-clang, r-devel-linux-x86_64-fedora-gcc, r-devel-windows-ix86+x86_64, r-patched-linux-x86_64, r-patched-solaris-x86, r-release-linux-x86_64, r-release-windows-ix86+x86_64, r-release-osx-x86_64, r-oldrel-windows-ix86+x86_64, r-oldrel-osx-x86_64