CRAN Package Check Results for Package bootspecdens

Last updated on 2020-04-04 15:48:12 CEST.

Flavor Version Tinstall Tcheck Ttotal Status Flags
r-devel-linux-x86_64-debian-clang 3.0 3.69 66.36 70.05 NOTE
r-devel-linux-x86_64-debian-gcc 3.0 2.91 46.78 49.69 NOTE
r-devel-linux-x86_64-fedora-clang 3.0 76.28 NOTE
r-devel-linux-x86_64-fedora-gcc 3.0 78.89 NOTE
r-devel-windows-ix86+x86_64 3.0 8.00 64.00 72.00 NOTE
r-devel-windows-ix86+x86_64-gcc8 3.0 6.00 68.00 74.00 NOTE
r-patched-linux-x86_64 3.0 3.58 67.06 70.64 NOTE
r-patched-solaris-x86 3.0 101.90 NOTE
r-release-linux-x86_64 3.0 3.01 60.25 63.26 NOTE
r-release-windows-ix86+x86_64 3.0 5.00 86.00 91.00 NOTE
r-release-osx-x86_64 3.0 NOTE
r-oldrel-windows-ix86+x86_64 3.0 5.00 68.00 73.00 NOTE
r-oldrel-osx-x86_64 3.0 NOTE

Check Details

Version: 3.0
Check: DESCRIPTION meta-information
Result: NOTE
    Malformed Description field: should contain one or more complete sentences.
Flavors: r-devel-linux-x86_64-debian-clang, r-devel-linux-x86_64-debian-gcc, r-devel-linux-x86_64-fedora-clang, r-devel-linux-x86_64-fedora-gcc, r-devel-windows-ix86+x86_64, r-devel-windows-ix86+x86_64-gcc8, r-patched-linux-x86_64, r-patched-solaris-x86, r-release-linux-x86_64, r-release-windows-ix86+x86_64, r-release-osx-x86_64, r-oldrel-windows-ix86+x86_64, r-oldrel-osx-x86_64

Version: 3.0
Check: R code for possible problems
Result: NOTE
    specdens: no visible global function definition for 'quantile'
    Undefined global functions or variables:
     quantile
    Consider adding
     importFrom("stats", "quantile")
    to your NAMESPACE file.
Flavors: r-devel-linux-x86_64-debian-clang, r-devel-linux-x86_64-debian-gcc, r-devel-linux-x86_64-fedora-clang, r-devel-linux-x86_64-fedora-gcc, r-devel-windows-ix86+x86_64, r-devel-windows-ix86+x86_64-gcc8, r-patched-linux-x86_64, r-patched-solaris-x86, r-release-linux-x86_64, r-release-windows-ix86+x86_64, r-release-osx-x86_64, r-oldrel-windows-ix86+x86_64, r-oldrel-osx-x86_64

Version: 3.0
Check: Rd line widths
Result: NOTE
    Rd file 'specdens.Rd':
     \examples lines wider than 100 characters:
     #the first 20 values of the
     #time series Nile and WWWusage
    
    These lines will be truncated in the PDF manual.
Flavors: r-devel-linux-x86_64-debian-clang, r-devel-linux-x86_64-debian-gcc, r-devel-linux-x86_64-fedora-clang, r-devel-linux-x86_64-fedora-gcc, r-patched-linux-x86_64, r-release-linux-x86_64