CRAN Package Check Results for Package bootsPLS

Last updated on 2020-04-04 03:51:13 CEST.

Flavor Version Tinstall Tcheck Ttotal Status Flags
r-devel-linux-x86_64-debian-clang 1.1.2 12.35 85.50 97.85 OK
r-devel-linux-x86_64-debian-gcc 1.1.2 9.95 66.49 76.44 OK
r-devel-linux-x86_64-fedora-clang 1.1.2 115.05 OK
r-devel-linux-x86_64-fedora-gcc 1.1.2 114.42 OK
r-devel-windows-ix86+x86_64 1.1.2 29.00 132.00 161.00 OK
r-devel-windows-ix86+x86_64-gcc8 1.1.2 26.00 93.00 119.00 OK
r-patched-linux-x86_64 1.1.2 11.42 83.27 94.69 OK
r-patched-solaris-x86 1.1.2 181.30 OK
r-release-linux-x86_64 1.1.2 9.79 75.28 85.07 OK
r-release-windows-ix86+x86_64 1.1.2 21.00 90.00 111.00 OK
r-release-osx-x86_64 1.1.2 WARN
r-oldrel-windows-ix86+x86_64 1.1.2 19.00 130.00 149.00 OK
r-oldrel-osx-x86_64 1.1.2 OK

Check Details

Version: 1.1.2
Check: whether package can be installed
Result: WARN
    Found the following significant warnings:
     Warning: package ‘mixOmics’ was built under R version 3.6.1
Flavor: r-release-osx-x86_64