CRAN Package Check Results for Package bootnet

Last updated on 2022-09-27 20:52:57 CEST.

Flavor Version Tinstall Tcheck Ttotal Status Flags
r-devel-linux-x86_64-debian-clang 1.5 18.81 176.24 195.05 OK
r-devel-linux-x86_64-debian-gcc 1.5 19.72 132.01 151.73 OK
r-devel-linux-x86_64-fedora-clang 1.5 262.65 NOTE
r-devel-linux-x86_64-fedora-gcc 1.5 248.08 OK
r-devel-windows-x86_64 1.5 32.00 196.00 228.00 OK
r-patched-linux-x86_64 1.5 16.64 164.75 181.39 OK
r-release-linux-x86_64 1.5 17.15 168.17 185.32 OK
r-release-macos-arm64 1.5 46.00 OK
r-release-macos-x86_64 1.5 109.00 OK
r-release-windows-x86_64 1.5 30.00 190.00 220.00 OK
r-oldrel-macos-arm64 1.5 52.00 OK
r-oldrel-macos-x86_64 1.5 86.00 OK
r-oldrel-windows-ix86+x86_64 1.5 50.00 190.00 240.00 OK

Check Details

Version: 1.5
Check: Rd cross-references
Result: NOTE
    Undeclared package ‘psych’ in Rd xrefs
Flavor: r-devel-linux-x86_64-fedora-clang