CRAN Package Check Results for Package bootSVD

Last updated on 2024-02-23 02:53:02 CET.

Flavor Version Tinstall Tcheck Ttotal Status Flags
r-devel-linux-x86_64-debian-clang 1.1 NOTE
r-devel-linux-x86_64-debian-gcc 1.1 2.39 29.20 31.59 NOTE
r-devel-linux-x86_64-fedora-clang 1.1 49.20 OK
r-devel-linux-x86_64-fedora-gcc 1.1 48.18 OK
r-devel-windows-x86_64 1.1 3.00 53.00 56.00 OK
r-patched-linux-x86_64 1.1 3.40 36.67 40.07 OK
r-release-linux-x86_64 1.1 3.24 36.48 39.72 OK
r-release-macos-arm64 1.1 28.00 OK
r-release-macos-x86_64 1.1 76.00 OK
r-release-windows-x86_64 1.1 3.00 55.00 58.00 OK
r-oldrel-macos-arm64 1.1 47.00 OK
r-oldrel-windows-x86_64 1.1 5.00 55.00 60.00 OK

Check Details

Version: 1.1
Check: Rd files
Result: NOTE checkRd: (-1) bootSVD.Rd:13: Lost braces; missing escapes or markup? 13 | \item{Y}{initial data sample, which can be either a matrix or a \code{\link{ff}} matrix. \code{Y} can be either tall (\eqn{p} by \eqn{n}) or wide (\eqn{n} by \eqn{p}). If \code{Y} is entered and \code{V}, \code{d} and \code{U} (see definitions below) are not entered, then \code{bootSVD} will also compute the SVD of \code{Y}. In this case where the SVD is computed, \code{bootSVD} will assume that the larger dimension of \code{Y} is \eqn{p}, and the smaller dimension of code {Y} is \eqn{n} (i.e. \code{bootSVD} assumes that (\eqn{p>n}). This assumption can be overriden by manually entering \code{V}, \code{U} and \code{d}.\cr | ^ Flavors: r-devel-linux-x86_64-debian-clang, r-devel-linux-x86_64-debian-gcc